CRAN Package Check Results for Package gamlss.countKinf

Last updated on 2021-10-28 05:50:27 CEST.

Flavor Version Tinstall Tcheck Ttotal Status Flags
r-devel-linux-x86_64-debian-clang 3.5.1 14.53 107.79 122.32 NOTE
r-devel-linux-x86_64-debian-gcc 3.5.1 11.51 81.05 92.56 NOTE
r-devel-linux-x86_64-fedora-clang 3.5.1 153.94 NOTE
r-devel-linux-x86_64-fedora-gcc 3.5.1 144.87 NOTE
r-devel-windows-x86_64 3.5.1 22.00 130.00 152.00 NOTE
r-devel-windows-x86_64-gcc10-UCRT 3.5.1 NOTE
r-patched-linux-x86_64 3.5.1 17.31 106.69 124.00 NOTE
r-patched-solaris-x86 3.5.1 184.10 NOTE
r-release-linux-x86_64 3.5.1 11.46 103.54 115.00 NOTE
r-release-macos-arm64 3.5.1 NOTE
r-release-macos-x86_64 3.5.1 NOTE
r-release-windows-ix86+x86_64 3.5.1 22.00 127.00 149.00 NOTE
r-oldrel-macos-x86_64 3.5.1 OK
r-oldrel-windows-ix86+x86_64 3.5.1 20.00 128.00 148.00 OK

Check Details

Version: 3.5.1
Check: LazyData
Result: NOTE
     'LazyData' is specified without a 'data' directory
Flavors: r-devel-linux-x86_64-debian-clang, r-devel-linux-x86_64-debian-gcc, r-devel-linux-x86_64-fedora-clang, r-devel-linux-x86_64-fedora-gcc, r-devel-windows-x86_64, r-devel-windows-x86_64-gcc10-UCRT, r-patched-linux-x86_64, r-patched-solaris-x86, r-release-linux-x86_64, r-release-macos-arm64, r-release-macos-x86_64, r-release-windows-ix86+x86_64