CRAN Package Check Results for Package galigor

Last updated on 2022-01-23 12:59:40 CET.

Flavor Version Tinstall Tcheck Ttotal Status Flags
r-devel-linux-x86_64-debian-clang 0.2.5 6.15 69.89 76.04 OK
r-devel-linux-x86_64-debian-gcc 0.2.5 4.71 59.03 63.74 OK
r-devel-linux-x86_64-fedora-clang 0.2.5 89.00 NOTE
r-devel-linux-x86_64-fedora-gcc 0.2.5 77.97 NOTE
r-devel-windows-x86_64-new-UL 0.2.5 21.00 92.00 113.00 OK
r-devel-windows-x86_64-new-TK 0.2.5 NOTE
r-patched-linux-x86_64 0.2.5 7.26 65.65 72.91 OK
r-release-linux-x86_64 0.2.5 4.17 65.49 69.66 OK
r-release-macos-arm64 0.2.5 NOTE
r-release-macos-x86_64 0.2.5 NOTE
r-release-windows-ix86+x86_64 0.2.5 18.00 81.00 99.00 OK
r-oldrel-macos-x86_64 0.2.5 NOTE
r-oldrel-windows-ix86+x86_64 0.2.5 18.00 77.00 95.00 OK

Check Details

Version: 0.2.5
Check: dependencies in R code
Result: NOTE
    Namespaces in Imports field not imported from:
     ‘gargle’ ‘getProxy’ ‘rappsflyer’ ‘rfacebookstat’ ‘rgoogleads’
     ‘rmytarget’ ‘rvkstat’ ‘ryandexdirect’ ‘rym’ ‘tidyr’
     All declared Imports should be used.
Flavors: r-devel-linux-x86_64-fedora-clang, r-devel-linux-x86_64-fedora-gcc, r-devel-windows-x86_64-new-TK, r-release-macos-arm64, r-release-macos-x86_64, r-oldrel-macos-x86_64