CRAN Package Check Results for Package gaiah

Last updated on 2021-07-26 19:49:18 CEST.

Flavor Version Tinstall Tcheck Ttotal Status Flags
r-devel-linux-x86_64-debian-clang 0.0.4 4.72 57.73 62.45 OK
r-devel-linux-x86_64-debian-gcc 0.0.4 3.95 43.75 47.70 OK
r-devel-linux-x86_64-fedora-clang 0.0.4 81.82 NOTE
r-devel-linux-x86_64-fedora-gcc 0.0.4 69.74 NOTE
r-devel-windows-x86_64 0.0.4 9.00 78.00 87.00 OK
r-devel-windows-x86_64-gcc10-UCRT 0.0.4 NOTE
r-patched-linux-x86_64 0.0.4 4.33 53.92 58.25 OK
r-patched-solaris-x86 0.0.4 99.50 NOTE
r-release-linux-x86_64 0.0.4 4.10 53.53 57.63 OK
r-release-macos-arm64 0.0.4 NOTE
r-release-macos-x86_64 0.0.4 NOTE
r-release-windows-ix86+x86_64 0.0.4 11.00 56.00 67.00 OK
r-oldrel-macos-x86_64 0.0.4 NOTE
r-oldrel-windows-ix86+x86_64 0.0.4 11.00 78.00 89.00 OK

Check Details

Version: 0.0.4
Check: dependencies in R code
Result: NOTE
    Namespace in Imports field not imported from: ‘maptools’
     All declared Imports should be used.
Flavors: r-devel-linux-x86_64-fedora-clang, r-devel-linux-x86_64-fedora-gcc, r-devel-windows-x86_64-gcc10-UCRT, r-patched-solaris-x86, r-release-macos-arm64, r-release-macos-x86_64, r-oldrel-macos-x86_64