CRAN Package Check Results for Package gWQS

Last updated on 2021-12-06 23:50:48 CET.

Flavor Version Tinstall Tcheck Ttotal Status Flags
r-devel-linux-x86_64-debian-clang 3.0.4 14.68 135.45 150.13 OK
r-devel-linux-x86_64-debian-gcc 3.0.4 11.89 102.21 114.10 OK
r-devel-linux-x86_64-fedora-clang 3.0.4 181.81 NOTE
r-devel-linux-x86_64-fedora-gcc 3.0.4 176.69 NOTE
r-devel-windows-x86_64-new-UL 3.0.4 28.00 186.00 214.00 OK
r-devel-windows-x86_64-new-TK 3.0.4 NOTE
r-devel-windows-x86_64-old 3.0.4 23.00 124.00 147.00 OK
r-patched-linux-x86_64 3.0.4 13.48 118.84 132.32 OK
r-release-linux-x86_64 3.0.4 16.15 127.99 144.14 OK
r-release-macos-arm64 3.0.4 NOTE
r-release-macos-x86_64 3.0.4 NOTE
r-release-windows-ix86+x86_64 3.0.4 35.00 149.00 184.00 OK
r-oldrel-macos-x86_64 3.0.4 NOTE
r-oldrel-windows-ix86+x86_64 3.0.4 34.00 153.00 187.00 OK

Check Details

Version: 3.0.4
Check: dependencies in R code
Result: NOTE
    Namespace in Imports field not imported from: ‘dplyr’
     All declared Imports should be used.
Flavors: r-devel-linux-x86_64-fedora-clang, r-devel-linux-x86_64-fedora-gcc, r-devel-windows-x86_64-new-TK, r-release-macos-arm64, r-release-macos-x86_64, r-oldrel-macos-x86_64