CRAN Package Check Results for Package gMWT

Last updated on 2021-09-21 16:51:24 CEST.

Flavor Version Tinstall Tcheck Ttotal Status Flags
r-devel-linux-x86_64-debian-clang 1.1.1 30.85 71.92 102.77 OK
r-devel-linux-x86_64-debian-gcc 1.1.1 22.11 51.80 73.91 OK
r-devel-linux-x86_64-fedora-clang 1.1.1 132.63 OK
r-devel-linux-x86_64-fedora-gcc 1.1.1 118.36 OK
r-devel-windows-x86_64 1.1.1 33.00 75.00 108.00 OK
r-devel-windows-x86_64-gcc10-UCRT 1.1.1 ERROR
r-patched-linux-x86_64 1.1.1 26.23 68.62 94.85 OK
r-patched-solaris-x86 1.1.1 129.50 OK
r-release-linux-x86_64 1.1.1 23.16 67.31 90.47 OK
r-release-macos-arm64 1.1.1 OK
r-release-macos-x86_64 1.1.1 OK
r-release-windows-ix86+x86_64 1.1.1 67.00 89.00 156.00 OK
r-oldrel-macos-x86_64 1.1.1 OK
r-oldrel-windows-ix86+x86_64 1.1.1 68.00 91.00 159.00 OK

Check Details

Version: 1.1.1
Check: whether package can be installed
Result: ERROR
    Installation failed.
Flavor: r-devel-windows-x86_64-gcc10-UCRT