CRAN Package Check Results for Package gMOIP

Last updated on 2021-12-03 23:49:59 CET.

Flavor Version Tinstall Tcheck Ttotal Status Flags
r-devel-linux-x86_64-debian-clang 1.4.7 9.98 242.26 252.24 NOTE
r-devel-linux-x86_64-debian-gcc 1.4.7 7.21 87.00 94.21 ERROR
r-devel-linux-x86_64-fedora-clang 1.4.7 311.73 NOTE
r-devel-linux-x86_64-fedora-gcc 1.4.7 307.55 NOTE
r-devel-windows-x86_64-new-UL 1.4.7 26.00 333.00 359.00 NOTE
r-devel-windows-x86_64-new-TK 1.4.7 NOTE
r-devel-windows-x86_64-old 1.4.7 16.00 228.00 244.00 NOTE
r-patched-linux-x86_64 1.4.7 13.39 269.16 282.55 NOTE
r-release-linux-x86_64 1.4.7 9.94 273.34 283.28 NOTE
r-release-macos-arm64 1.4.7 NOTE
r-release-macos-x86_64 1.4.7 NOTE
r-release-windows-ix86+x86_64 1.4.7 21.00 329.00 350.00 NOTE
r-oldrel-macos-x86_64 1.4.7 NOTE
r-oldrel-windows-ix86+x86_64 1.4.7 21.00 339.00 360.00 NOTE

Check Details

Version: 1.4.7
Check: package dependencies
Result: NOTE
    Package suggested but not available for checking: 'webshot2'
Flavors: r-devel-linux-x86_64-debian-clang, r-devel-linux-x86_64-debian-gcc, r-devel-linux-x86_64-fedora-clang, r-devel-linux-x86_64-fedora-gcc, r-devel-windows-x86_64-new-UL, r-devel-windows-x86_64-new-TK, r-devel-windows-x86_64-old, r-patched-linux-x86_64, r-release-linux-x86_64, r-release-macos-arm64, r-release-macos-x86_64, r-release-windows-ix86+x86_64, r-oldrel-macos-x86_64, r-oldrel-windows-ix86+x86_64

Version: 1.4.7
Check: examples
Result: ERROR
    Running examples in ‘gMOIP-Ex.R’ failed
    The error most likely occurred in:
    
    > base::assign(".ptime", proc.time(), pos = "CheckExEnv")
    > ### Name: addNDSet
    > ### Title: Add discrete points to a non-dominated set and classify them
    > ### into extreme supported, non-extreme supported, non-supported.
    > ### Aliases: addNDSet
    >
    > ### ** Examples
    >
    > nDSet <- data.frame(z1=c(12,14,16,18), z2=c(18,16,12,4))
    > pts <- data.frame(z1 = c(18,18,14,15,15), z2=c(2,6,14,14,16))
    > addNDSet(pts, nDSet, crit = "max")
    Error: New columns must be compatible with `.data`.
    ✖ New column has 4 rows.
    ℹ `.data` has 1 row.
    Backtrace:
     █
     1. ├─gMOIP::addNDSet(pts, nDSet, crit = "max")
     2. │ └─set1 %>% tibble::add_column(id = set$id[set$nd], .before = 1)
     3. └─tibble::add_column(., id = set$id[set$nd], .before = 1)
    Execution halted
Flavor: r-devel-linux-x86_64-debian-gcc

Version: 1.4.7
Check: re-building of vignette outputs
Result: WARN
    Error(s) in re-building vignettes:
     ...
    --- re-building ‘bi-objective_2x.Rmd’ using rmarkdown
    Quitting from lines 73-78 (bi-objective_2x.Rmd)
    Error: processing vignette ‘bi-objective_2x.Rmd’ failed with diagnostics:
    New columns must be compatible with `.data`.
    ✖ New column has 2 rows.
    ℹ `.data` has 1 row.
    --- failed re-building ‘bi-objective_2x.Rmd’
    
    --- re-building ‘bi-objective_3x_ex1.Rmd’ using rmarkdown
    Quitting from lines 95-96 (bi-objective_3x_ex1.Rmd)
    Error: processing vignette ‘bi-objective_3x_ex1.Rmd’ failed with diagnostics:
    New columns must be compatible with `.data`.
    ✖ New column has 4 rows.
    ℹ `.data` has 1 row.
    --- failed re-building ‘bi-objective_3x_ex1.Rmd’
    
    --- re-building ‘intro.Rmd’ using rmarkdown
    Quitting from lines 235-240 (intro.Rmd)
    Error: processing vignette ‘intro.Rmd’ failed with diagnostics:
    New columns must be compatible with `.data`.
    ✖ New column has 2 rows.
    ℹ `.data` has 1 row.
    --- failed re-building ‘intro.Rmd’
    
    --- re-building ‘polytope_2d.Rmd’ using rmarkdown
    --- finished re-building ‘polytope_2d.Rmd’
    
    --- re-building ‘polytope_3d_ex1.Rmd’ using rmarkdown
    --- finished re-building ‘polytope_3d_ex1.Rmd’
    
    --- re-building ‘tri-objective.Rmd’ using rmarkdown
    Quitting from lines 49-64 (tri-objective.Rmd)
    Error: processing vignette ‘tri-objective.Rmd’ failed with diagnostics:
    invalid ‘type’ (list) of argument
    --- failed re-building ‘tri-objective.Rmd’
    
    SUMMARY: processing the following files failed:
     ‘bi-objective_2x.Rmd’ ‘bi-objective_3x_ex1.Rmd’ ‘intro.Rmd’
     ‘tri-objective.Rmd’
    
    Error: Vignette re-building failed.
    Execution halted
Flavor: r-devel-linux-x86_64-debian-gcc