CRAN Package Check Results for Package gMOIP

Last updated on 2021-09-17 04:49:20 CEST.

Flavor Version Tinstall Tcheck Ttotal Status Flags
r-devel-linux-x86_64-debian-clang 1.4.7 9.69 233.75 243.44 NOTE
r-devel-linux-x86_64-debian-gcc 1.4.7 7.86 167.19 175.05 NOTE
r-devel-linux-x86_64-fedora-clang 1.4.7 279.89 NOTE
r-devel-linux-x86_64-fedora-gcc 1.4.7 270.24 NOTE
r-devel-windows-x86_64 1.4.7 12.00 284.00 296.00 NOTE
r-devel-windows-x86_64-gcc10-UCRT 1.4.7 NOTE
r-patched-linux-x86_64 1.4.7 14.07 258.17 272.24 NOTE
r-patched-solaris-x86 1.4.7 174.40 NOTE
r-release-linux-x86_64 1.4.7 7.78 255.04 262.82 NOTE
r-release-macos-arm64 1.4.7 NOTE
r-release-macos-x86_64 1.4.7 NOTE
r-release-windows-ix86+x86_64 1.4.7 22.00 233.00 255.00 NOTE
r-oldrel-macos-x86_64 1.4.7 NOTE
r-oldrel-windows-ix86+x86_64 1.4.7 15.00 299.00 314.00 NOTE

Check Details

Version: 1.4.7
Check: package dependencies
Result: NOTE
    Package suggested but not available for checking: 'webshot2'
Flavors: r-devel-linux-x86_64-debian-clang, r-devel-linux-x86_64-debian-gcc, r-devel-linux-x86_64-fedora-clang, r-devel-linux-x86_64-fedora-gcc, r-devel-windows-x86_64, r-devel-windows-x86_64-gcc10-UCRT, r-patched-linux-x86_64, r-release-linux-x86_64, r-release-macos-arm64, r-release-macos-x86_64, r-release-windows-ix86+x86_64, r-oldrel-macos-x86_64, r-oldrel-windows-ix86+x86_64

Version: 1.4.7
Check: installed package size
Result: NOTE
     installed size is 5.3Mb
     sub-directories of 1Mb or more:
     doc 3.7Mb
Flavor: r-patched-solaris-x86