CRAN Package Check Results for Package g3viz

Last updated on 2021-08-01 19:51:26 CEST.

Flavor Version Tinstall Tcheck Ttotal Status Flags
r-devel-linux-x86_64-debian-clang 1.1.4 4.63 63.95 68.58 OK
r-devel-linux-x86_64-debian-gcc 1.1.4 3.75 48.02 51.77 OK
r-devel-linux-x86_64-fedora-clang 1.1.4 99.57 NOTE
r-devel-linux-x86_64-fedora-gcc 1.1.4 88.70 OK
r-devel-windows-x86_64 1.1.4 6.00 116.00 122.00 NOTE
r-devel-windows-x86_64-gcc10-UCRT 1.1.4 OK
r-patched-linux-x86_64 1.1.4 OK
r-patched-solaris-x86 1.1.4 80.00 NOTE
r-release-linux-x86_64 1.1.4 4.72 62.23 66.95 OK
r-release-macos-arm64 1.1.4 NOTE
r-release-macos-x86_64 1.1.4 NOTE
r-release-windows-ix86+x86_64 1.1.4 9.00 118.00 127.00 NOTE
r-oldrel-macos-x86_64 1.1.4 NOTE
r-oldrel-windows-ix86+x86_64 1.1.4 7.00 119.00 126.00 NOTE

Check Details

Version: 1.1.4
Check: installed package size
Result: NOTE
     installed size is 11.2Mb
     sub-directories of 1Mb or more:
     doc 9.9Mb
Flavors: r-devel-linux-x86_64-fedora-clang, r-devel-windows-x86_64, r-patched-solaris-x86, r-release-macos-arm64, r-release-macos-x86_64, r-release-windows-ix86+x86_64, r-oldrel-macos-x86_64, r-oldrel-windows-ix86+x86_64