CRAN Package Check Results for Package fy

Last updated on 2021-10-24 04:50:23 CEST.

Flavor Version Tinstall Tcheck Ttotal Status Flags
r-devel-linux-x86_64-debian-clang 0.3.0 3.08 31.47 34.55 NOTE
r-devel-linux-x86_64-debian-gcc 0.3.0 2.41 23.77 26.18 NOTE
r-devel-linux-x86_64-fedora-clang 0.3.0 52.11 NOTE
r-devel-linux-x86_64-fedora-gcc 0.3.0 41.31 NOTE
r-devel-windows-x86_64 0.3.0 5.00 51.00 56.00 NOTE
r-devel-windows-x86_64-gcc10-UCRT 0.3.0 NOTE
r-patched-linux-x86_64 0.3.0 2.89 30.53 33.42 NOTE
r-patched-solaris-x86 0.3.0 61.10 NOTE
r-release-linux-x86_64 0.3.0 3.10 29.29 32.39 NOTE
r-release-macos-arm64 0.3.0 NOTE
r-release-macos-x86_64 0.3.0 NOTE
r-release-windows-ix86+x86_64 0.3.0 6.00 49.00 55.00 NOTE
r-oldrel-macos-x86_64 0.3.0 OK
r-oldrel-windows-ix86+x86_64 0.3.0 8.00 119.00 127.00 OK

Check Details

Version: 0.3.0
Check: LazyData
Result: NOTE
     'LazyData' is specified without a 'data' directory
Flavors: r-devel-linux-x86_64-debian-clang, r-devel-linux-x86_64-debian-gcc, r-devel-linux-x86_64-fedora-clang, r-devel-linux-x86_64-fedora-gcc, r-devel-windows-x86_64, r-devel-windows-x86_64-gcc10-UCRT, r-patched-linux-x86_64, r-patched-solaris-x86, r-release-linux-x86_64, r-release-macos-arm64, r-release-macos-x86_64, r-release-windows-ix86+x86_64