CRAN Package Check Results for Package funprog

Last updated on 2021-11-30 11:51:57 CET.

Flavor Version Tinstall Tcheck Ttotal Status Flags
r-devel-linux-x86_64-debian-clang 0.3.0 1.95 22.12 24.07 NOTE
r-devel-linux-x86_64-debian-gcc 0.3.0 1.48 17.56 19.04 NOTE
r-devel-linux-x86_64-fedora-clang 0.3.0 40.48 NOTE
r-devel-linux-x86_64-fedora-gcc 0.3.0 29.80 NOTE
r-devel-windows-x86_64-new-UL 0.3.0 6.00 54.00 60.00 NOTE
r-devel-windows-x86_64-new-TK 0.3.0 NOTE
r-devel-windows-x86_64-old 0.3.0 4.00 32.00 36.00 NOTE
r-patched-linux-x86_64 0.3.0 2.19 21.24 23.43 NOTE
r-patched-solaris-x86 0.3.0 44.70 NOTE
r-release-linux-x86_64 0.3.0 1.70 21.28 22.98 NOTE
r-release-macos-arm64 0.3.0 NOTE
r-release-macos-x86_64 0.3.0 NOTE
r-release-windows-ix86+x86_64 0.3.0 5.00 28.00 33.00 NOTE
r-oldrel-macos-x86_64 0.3.0 OK
r-oldrel-windows-ix86+x86_64 0.3.0 4.00 30.00 34.00 OK

Check Details

Version: 0.3.0
Check: LazyData
Result: NOTE
     'LazyData' is specified without a 'data' directory
Flavors: r-devel-linux-x86_64-debian-clang, r-devel-linux-x86_64-debian-gcc, r-devel-linux-x86_64-fedora-clang, r-devel-linux-x86_64-fedora-gcc, r-devel-windows-x86_64-new-UL, r-devel-windows-x86_64-new-TK, r-devel-windows-x86_64-old, r-patched-linux-x86_64, r-patched-solaris-x86, r-release-linux-x86_64, r-release-macos-arm64, r-release-macos-x86_64, r-release-windows-ix86+x86_64