CRAN Package Check Results for Package funModeling

Last updated on 2021-08-01 19:51:26 CEST.

Flavor Version Tinstall Tcheck Ttotal Status Flags
r-devel-linux-x86_64-debian-clang 1.9.4 12.32 134.65 146.97 OK
r-devel-linux-x86_64-debian-gcc 1.9.4 10.57 99.03 109.60 OK
r-devel-linux-x86_64-fedora-clang 1.9.4 181.48 OK
r-devel-linux-x86_64-fedora-gcc 1.9.4 167.90 OK
r-devel-windows-x86_64 1.9.4 26.00 162.00 188.00 OK
r-devel-windows-x86_64-gcc10-UCRT 1.9.4 OK
r-patched-linux-x86_64 1.9.4 OK
r-patched-solaris-x86 1.9.4 235.30 OK
r-release-linux-x86_64 1.9.4 15.01 123.00 138.01 OK
r-release-macos-arm64 1.9.4 WARN
r-release-macos-x86_64 1.9.4 OK
r-release-windows-ix86+x86_64 1.9.4 32.00 158.00 190.00 OK
r-oldrel-macos-x86_64 1.9.4 OK
r-oldrel-windows-ix86+x86_64 1.9.4 33.00 167.00 200.00 OK

Check Details

Version: 1.9.4
Check: re-building of vignette outputs
Result: WARN
    Error(s) in re-building vignettes:
    --- re-building ‘funModeling_quickstart.Rmd’ using rmarkdown
    Warning in engine$weave(file, quiet = quiet, encoding = enc) :
     Pandoc (>= 1.12.3) not available. Falling back to R Markdown v1.
    Loading required package: Hmisc
    Loading required package: lattice
    Loading required package: survival
    Loading required package: Formula
    Loading required package: ggplot2
    
    Attaching package: 'Hmisc'
    
    The following objects are masked from 'package:base':
    
     format.pval, units
    
    funModeling v.1.9.4 :)
    Examples and tutorials at livebook.datascienceheroes.com
     / Now in Spanish: librovivodecienciadedatos.ai
    Quitting from lines 79-80 (funModeling_quickstart.Rmd)
    Error: processing vignette 'funModeling_quickstart.Rmd' failed with diagnostics:
    polygon edge not found
    --- failed re-building ‘funModeling_quickstart.Rmd’
    
    SUMMARY: processing the following file failed:
     ‘funModeling_quickstart.Rmd’
    
    Error: Vignette re-building failed.
    Execution halted
Flavor: r-release-macos-arm64