CRAN Package Check Results for Package funFEM

Last updated on 2022-07-03 05:49:49 CEST.

Flavor Version Tinstall Tcheck Ttotal Status Flags
r-devel-linux-x86_64-debian-clang 1.2 9.74 84.43 94.17 OK
r-devel-linux-x86_64-debian-gcc 1.2 8.72 64.24 72.96 OK
r-devel-linux-x86_64-fedora-clang 1.2 121.73 NOTE
r-devel-linux-x86_64-fedora-gcc 1.2 129.63 NOTE
r-devel-windows-x86_64 1.2 13.00 112.00 125.00 OK
r-patched-linux-x86_64 1.2 9.55 81.74 91.29 OK
r-release-linux-x86_64 1.2 9.18 80.35 89.53 OK
r-release-macos-arm64 1.2 38.00 NOTE
r-release-macos-x86_64 1.2 61.00 NOTE
r-release-windows-x86_64 1.2 14.00 114.00 128.00 OK
r-oldrel-macos-arm64 1.2 35.00 NOTE
r-oldrel-macos-x86_64 1.2 52.00 NOTE
r-oldrel-windows-ix86+x86_64 1.2 4.00 10.00 14.00 ERROR

Check Details

Version: 1.2
Check: data for non-ASCII characters
Result: NOTE
     Note: found 120 marked UTF-8 strings
Flavors: r-devel-linux-x86_64-fedora-clang, r-devel-linux-x86_64-fedora-gcc, r-release-macos-arm64, r-release-macos-x86_64, r-oldrel-macos-arm64, r-oldrel-macos-x86_64

Version: 1.2
Check: whether package can be installed
Result: ERROR
    Installation failed.
Flavor: r-oldrel-windows-ix86+x86_64