CRAN Package Check Results for Package fssemR

Last updated on 2021-08-03 07:54:23 CEST.

Flavor Version Tinstall Tcheck Ttotal Status Flags
r-devel-linux-x86_64-debian-clang 0.1.6 47.85 159.99 207.84 NOTE
r-devel-linux-x86_64-debian-gcc 0.1.6 38.29 118.96 157.25 NOTE
r-devel-linux-x86_64-fedora-clang 0.1.6 260.44 NOTE
r-devel-linux-x86_64-fedora-gcc 0.1.6 248.55 NOTE
r-devel-windows-x86_64 0.1.6 39.00 205.00 244.00 NOTE
r-devel-windows-x86_64-gcc10-UCRT 0.1.6 NOTE
r-patched-linux-x86_64 0.1.6 39.44 149.28 188.72 NOTE
r-patched-solaris-x86 0.1.6 293.30 NOTE
r-release-linux-x86_64 0.1.6 41.40 149.16 190.56 NOTE
r-release-macos-arm64 0.1.6 NOTE
r-release-macos-x86_64 0.1.6 NOTE
r-release-windows-ix86+x86_64 0.1.6 96.00 253.00 349.00 NOTE
r-oldrel-macos-x86_64 0.1.6 NOTE
r-oldrel-windows-ix86+x86_64 0.1.6 71.00 250.00 321.00 OK

Check Details

Version: 0.1.6
Check: LazyData
Result: NOTE
     'LazyData' is specified without a 'data' directory
Flavors: r-devel-linux-x86_64-debian-clang, r-devel-linux-x86_64-debian-gcc, r-devel-linux-x86_64-fedora-clang, r-devel-linux-x86_64-fedora-gcc, r-devel-windows-x86_64, r-devel-windows-x86_64-gcc10-UCRT, r-patched-linux-x86_64, r-patched-solaris-x86, r-release-linux-x86_64, r-release-macos-arm64, r-release-macos-x86_64, r-release-windows-ix86+x86_64

Version: 0.1.6
Check: installed package size
Result: NOTE
     installed size is 13.4Mb
     sub-directories of 1Mb or more:
     libs 12.6Mb
Flavors: r-devel-linux-x86_64-fedora-clang, r-release-macos-arm64, r-release-macos-x86_64, r-oldrel-macos-x86_64