Last updated on 2023-03-29 04:51:11 CEST.
Flavor | Version | Tinstall | Tcheck | Ttotal | Status | Flags |
---|---|---|---|---|---|---|
r-devel-linux-x86_64-debian-clang | 0.1.1 | 2.76 | 28.32 | 31.08 | WARN | |
r-devel-linux-x86_64-debian-gcc | 0.1.1 | 1.90 | 22.43 | 24.33 | WARN | |
r-devel-linux-x86_64-fedora-clang | 0.1.2 | 39.62 | OK | |||
r-devel-linux-x86_64-fedora-gcc | 0.1.2 | 37.42 | OK | |||
r-devel-windows-x86_64 | 0.1.1 | 9.00 | 0.00 | 9.00 | WARN | |
r-patched-linux-x86_64 | 0.1.1 | 2.00 | 27.32 | 29.32 | WARN | |
r-release-linux-x86_64 | 0.1.1 | 2.53 | 28.89 | 31.42 | WARN | |
r-release-macos-arm64 | 0.1.1 | 20.00 | OK | |||
r-release-macos-x86_64 | 0.1.1 | 23.00 | OK | |||
r-release-windows-x86_64 | 0.1.1 | 12.00 | 1.00 | 13.00 | WARN | |
r-oldrel-macos-arm64 | 0.1.1 | 22.00 | OK | |||
r-oldrel-macos-x86_64 | 0.1.1 | 24.00 | OK | |||
r-oldrel-windows-ix86+x86_64 | 0.1.1 | 8.00 | 54.00 | 62.00 | WARN |
Version: 0.1.1
Check: whether package can be installed
Result: WARN
Found the following significant warnings:
Warning: replacing previous import ‘psych::equamax’ by ‘GPArotation::equamax’ when loading ‘fspe’
Warning: replacing previous import ‘psych::varimin’ by ‘GPArotation::varimin’ when loading ‘fspe’
Flavors: r-devel-linux-x86_64-debian-clang, r-devel-linux-x86_64-debian-gcc, r-devel-windows-x86_64, r-patched-linux-x86_64, r-release-linux-x86_64, r-release-windows-x86_64, r-oldrel-windows-ix86+x86_64