CRAN Package Check Results for Package freqdom.fda

Last updated on 2021-09-21 16:51:22 CEST.

Flavor Version Tinstall Tcheck Ttotal Status Flags
r-devel-linux-x86_64-debian-clang 0.9.1 9.41 165.68 175.09 OK
r-devel-linux-x86_64-debian-gcc 0.9.1 6.38 122.81 129.19 OK
r-devel-linux-x86_64-fedora-clang 0.9.1 207.28 OK
r-devel-linux-x86_64-fedora-gcc 0.9.1 199.99 OK
r-devel-windows-x86_64 0.9.1 10.00 144.00 154.00 OK
r-devel-windows-x86_64-gcc10-UCRT 0.9.1 ERROR
r-patched-linux-x86_64 0.9.1 15.47 153.14 168.61 OK
r-patched-solaris-x86 0.9.1 288.10 OK
r-release-linux-x86_64 0.9.1 8.63 154.34 162.97 OK
r-release-macos-arm64 0.9.1 OK
r-release-macos-x86_64 0.9.1 OK
r-release-windows-ix86+x86_64 0.9.1 22.00 151.00 173.00 OK
r-oldrel-macos-x86_64 0.9.1 OK
r-oldrel-windows-ix86+x86_64 0.9.1 22.00 149.00 171.00 OK

Check Details

Version: 0.9.1
Check: whether package can be installed
Result: WARN
    Found the following significant warnings:
     WARNING: installation-time patches will not be applied, could not get the patches index
Flavor: r-devel-windows-x86_64-gcc10-UCRT

Version: 0.9.1
Check: PDF version of manual
Result: WARN
    LaTeX errors when creating PDF version.
    This typically indicates Rd problems.
Flavor: r-devel-windows-x86_64-gcc10-UCRT

Version: 0.9.1
Check: PDF version of manual without hyperrefs or index
Result: ERROR
    Re-running with no redirection of stdout/stderr.
Flavor: r-devel-windows-x86_64-gcc10-UCRT