CRAN Package Check Results for Package frenchdata

Last updated on 2021-07-24 07:49:25 CEST.

Flavor Version Tinstall Tcheck Ttotal Status Flags
r-devel-linux-x86_64-debian-clang 0.1.1 2.40 31.52 33.92 WARN
r-devel-linux-x86_64-debian-gcc 0.1.1 2.03 24.58 26.61 WARN
r-devel-linux-x86_64-fedora-clang 0.1.1 50.55 WARN
r-devel-linux-x86_64-fedora-gcc 0.1.1 41.28 WARN
r-devel-windows-x86_64 0.1.1 3.00 38.00 41.00 OK
r-devel-windows-x86_64-gcc10-UCRT 0.1.1 OK
r-patched-linux-x86_64 0.1.1 2.54 30.03 32.57 WARN
r-patched-solaris-x86 0.1.1 60.00 WARN
r-release-linux-x86_64 0.1.1 1.90 30.57 32.47 WARN
r-release-macos-arm64 0.1.1 OK
r-release-macos-x86_64 0.1.1 OK
r-release-windows-ix86+x86_64 0.1.1 6.00 52.00 58.00 OK
r-oldrel-macos-x86_64 0.1.1 OK
r-oldrel-windows-ix86+x86_64 0.1.1 7.00 50.00 57.00 OK

Check Details

Version: 0.1.1
Check: re-building of vignette outputs
Result: WARN
    Error(s) in re-building vignettes:
     ...
    --- re-building 'basic_usage.Rmd' using rmarkdown
    
    Attaching package: 'dplyr'
    
    The following objects are masked from 'package:stats':
    
     filter, lag
    
    The following objects are masked from 'package:base':
    
     intersect, setdiff, setequal, union
    
    
    Attaching package: 'lubridate'
    
    The following objects are masked from 'package:base':
    
     date, intersect, setdiff, union
    
    Quitting from lines 59-61 (basic_usage.Rmd)
    Error: processing vignette 'basic_usage.Rmd' failed with diagnostics:
    'This file was created by CMPT_ME_BEME_OP_INV_RETS using the 202105 CRSP database.' does not exist in current working directory ('/home/hornik/tmp/R.check/r-devel-clang/Work/PKGS/frenchdata.Rcheck/vign_test/frenchdata/vignettes').
    --- failed re-building 'basic_usage.Rmd'
    
    SUMMARY: processing the following file failed:
     'basic_usage.Rmd'
    
    Error: Vignette re-building failed.
    Execution halted
Flavor: r-devel-linux-x86_64-debian-clang

Version: 0.1.1
Check: re-building of vignette outputs
Result: WARN
    Error(s) in re-building vignettes:
     ...
    --- re-building ‘basic_usage.Rmd’ using rmarkdown
    
    Attaching package: 'dplyr'
    
    The following objects are masked from 'package:stats':
    
     filter, lag
    
    The following objects are masked from 'package:base':
    
     intersect, setdiff, setequal, union
    
    
    Attaching package: 'lubridate'
    
    The following objects are masked from 'package:base':
    
     date, intersect, setdiff, union
    
    Quitting from lines 59-61 (basic_usage.Rmd)
    Error: processing vignette 'basic_usage.Rmd' failed with diagnostics:
    'This file was created by CMPT_ME_BEME_OP_INV_RETS using the 202105 CRSP database.' does not exist in current working directory ('/home/hornik/tmp/R.check/r-devel-gcc/Work/PKGS/frenchdata.Rcheck/vign_test/frenchdata/vignettes').
    --- failed re-building ‘basic_usage.Rmd’
    
    SUMMARY: processing the following file failed:
     ‘basic_usage.Rmd’
    
    Error: Vignette re-building failed.
    Execution halted
Flavor: r-devel-linux-x86_64-debian-gcc

Version: 0.1.1
Check: re-building of vignette outputs
Result: WARN
    Error(s) in re-building vignettes:
    --- re-building ‘basic_usage.Rmd’ using rmarkdown
    
    Attaching package: 'dplyr'
    
    The following objects are masked from 'package:stats':
    
     filter, lag
    
    The following objects are masked from 'package:base':
    
     intersect, setdiff, setequal, union
    
    
    Attaching package: 'lubridate'
    
    The following objects are masked from 'package:base':
    
     date, intersect, setdiff, union
    
    Quitting from lines 59-61 (basic_usage.Rmd)
    Error: processing vignette 'basic_usage.Rmd' failed with diagnostics:
    'This file was created by CMPT_ME_BEME_OP_INV_RETS using the 202105 CRSP database.' does not exist in current working directory ('/data/gannet/ripley/R/packages/tests-clang/frenchdata.Rcheck/vign_test/frenchdata/vignettes').
    --- failed re-building ‘basic_usage.Rmd’
    
    SUMMARY: processing the following file failed:
     ‘basic_usage.Rmd’
    
    Error: Vignette re-building failed.
    Execution halted
Flavor: r-devel-linux-x86_64-fedora-clang

Version: 0.1.1
Check: re-building of vignette outputs
Result: WARN
    Error(s) in re-building vignettes:
    --- re-building ‘basic_usage.Rmd’ using rmarkdown
    
    Attaching package: 'dplyr'
    
    The following objects are masked from 'package:stats':
    
     filter, lag
    
    The following objects are masked from 'package:base':
    
     intersect, setdiff, setequal, union
    
    
    Attaching package: 'lubridate'
    
    The following objects are masked from 'package:base':
    
     date, intersect, setdiff, union
    
    Quitting from lines 59-61 (basic_usage.Rmd)
    Error: processing vignette 'basic_usage.Rmd' failed with diagnostics:
    'This file was created by CMPT_ME_BEME_OP_INV_RETS using the 202105 CRSP database.' does not exist in current working directory ('/data/gannet/ripley/R/packages/tests-devel/frenchdata.Rcheck/vign_test/frenchdata/vignettes').
    --- failed re-building ‘basic_usage.Rmd’
    
    SUMMARY: processing the following file failed:
     ‘basic_usage.Rmd’
    
    Error: Vignette re-building failed.
    Execution halted
Flavor: r-devel-linux-x86_64-fedora-gcc

Version: 0.1.1
Check: re-building of vignette outputs
Result: WARN
    Error(s) in re-building vignettes:
     ...
    --- re-building ‘basic_usage.Rmd’ using rmarkdown
    
    Attaching package: 'dplyr'
    
    The following objects are masked from 'package:stats':
    
     filter, lag
    
    The following objects are masked from 'package:base':
    
     intersect, setdiff, setequal, union
    
    
    Attaching package: 'lubridate'
    
    The following objects are masked from 'package:base':
    
     date, intersect, setdiff, union
    
    Quitting from lines 59-61 (basic_usage.Rmd)
    Error: processing vignette 'basic_usage.Rmd' failed with diagnostics:
    'This file was created by CMPT_ME_BEME_OP_INV_RETS using the 202105 CRSP database.' does not exist in current working directory ('/home/hornik/tmp/R.check/r-patched-gcc/Work/PKGS/frenchdata.Rcheck/vign_test/frenchdata/vignettes').
    --- failed re-building ‘basic_usage.Rmd’
    
    SUMMARY: processing the following file failed:
     ‘basic_usage.Rmd’
    
    Error: Vignette re-building failed.
    Execution halted
Flavor: r-patched-linux-x86_64

Version: 0.1.1
Check: re-building of vignette outputs
Result: WARN
    Error(s) in re-building vignettes:
     ...
    --- re-building ‘basic_usage.Rmd’ using rmarkdown
    Warning in engine$weave(file, quiet = quiet, encoding = enc) :
     Pandoc (>= 1.12.3) not available. Falling back to R Markdown v1.
    
    Attaching package: 'dplyr'
    
    The following objects are masked from 'package:stats':
    
     filter, lag
    
    The following objects are masked from 'package:base':
    
     intersect, setdiff, setequal, union
    
    
    Attaching package: 'lubridate'
    
    The following objects are masked from 'package:base':
    
     date, intersect, setdiff, union
    
    Quitting from lines 59-61 (basic_usage.Rmd)
    Error: processing vignette 'basic_usage.Rmd' failed with diagnostics:
    'This file was created by CMPT_ME_BEME_OP_INV_RETS using the 202105 CRSP database.' does not exist in current working directory ('/home/ripley/R/packages/tests32/frenchdata.Rcheck/vign_test/frenchdata/vignettes').
    --- failed re-building ‘basic_usage.Rmd’
    
    SUMMARY: processing the following file failed:
     ‘basic_usage.Rmd’
    
    Error: Vignette re-building failed.
    Execution halted
Flavor: r-patched-solaris-x86

Version: 0.1.1
Check: re-building of vignette outputs
Result: WARN
    Error(s) in re-building vignettes:
     ...
    --- re-building ‘basic_usage.Rmd’ using rmarkdown
    
    Attaching package: 'dplyr'
    
    The following objects are masked from 'package:stats':
    
     filter, lag
    
    The following objects are masked from 'package:base':
    
     intersect, setdiff, setequal, union
    
    
    Attaching package: 'lubridate'
    
    The following objects are masked from 'package:base':
    
     date, intersect, setdiff, union
    
    Quitting from lines 59-61 (basic_usage.Rmd)
    Error: processing vignette 'basic_usage.Rmd' failed with diagnostics:
    'This file was created by CMPT_ME_BEME_OP_INV_RETS using the 202105 CRSP database.' does not exist in current working directory ('/home/hornik/tmp/R.check/r-release-gcc/Work/PKGS/frenchdata.Rcheck/vign_test/frenchdata/vignettes').
    --- failed re-building ‘basic_usage.Rmd’
    
    SUMMARY: processing the following file failed:
     ‘basic_usage.Rmd’
    
    Error: Vignette re-building failed.
    Execution halted
Flavor: r-release-linux-x86_64