CRAN Package Check Results for Package foster

Last updated on 2021-10-20 16:50:34 CEST.

Flavor Version Tinstall Tcheck Ttotal Status Flags
r-devel-linux-x86_64-debian-clang 0.1.1 6.61 262.33 268.94 OK
r-devel-linux-x86_64-debian-gcc 0.1.1 5.05 198.46 203.51 OK
r-devel-linux-x86_64-fedora-clang 0.1.1 310.20 NOTE
r-devel-linux-x86_64-fedora-gcc 0.1.1 305.06 NOTE
r-devel-windows-x86_64 0.1.1 12.00 310.00 322.00 OK
r-devel-windows-x86_64-gcc10-UCRT 0.1.1 NOTE
r-patched-linux-x86_64 0.1.1 5.89 244.16 250.05 OK
r-patched-solaris-x86 0.1.1 163.70 NOTE
r-release-linux-x86_64 0.1.1 5.73 245.31 251.04 OK
r-release-macos-arm64 0.1.1 NOTE
r-release-macos-x86_64 0.1.1 NOTE
r-release-windows-ix86+x86_64 0.1.1 23.00 308.00 331.00 OK
r-oldrel-macos-x86_64 0.1.1 NOTE
r-oldrel-windows-ix86+x86_64 0.1.1 18.00 302.00 320.00 OK

Check Details

Version: 0.1.1
Check: dependencies in R code
Result: NOTE
    Namespace in Imports field not imported from: ‘spatstat’
     All declared Imports should be used.
Flavors: r-devel-linux-x86_64-fedora-clang, r-devel-linux-x86_64-fedora-gcc, r-devel-windows-x86_64-gcc10-UCRT, r-patched-solaris-x86, r-release-macos-arm64, r-release-macos-x86_64, r-oldrel-macos-x86_64