CRAN Package Check Results for Package formula.tools

Last updated on 2021-10-21 04:58:30 CEST.

Flavor Version Tinstall Tcheck Ttotal Status Flags
r-devel-linux-x86_64-debian-clang 1.7.1 3.37 27.63 31.00 NOTE
r-devel-linux-x86_64-debian-gcc 1.7.1 2.78 22.22 25.00 NOTE
r-devel-linux-x86_64-fedora-clang 1.7.1 49.33 NOTE
r-devel-linux-x86_64-fedora-gcc 1.7.1 38.33 NOTE
r-devel-windows-x86_64 1.7.1 6.00 47.00 53.00 NOTE
r-devel-windows-x86_64-gcc10-UCRT 1.7.1 NOTE
r-patched-linux-x86_64 1.7.1 3.45 27.38 30.83 NOTE
r-patched-solaris-x86 1.7.1 58.10 NOTE
r-release-linux-x86_64 1.7.1 4.19 27.30 31.49 NOTE
r-release-macos-arm64 1.7.1 NOTE
r-release-macos-x86_64 1.7.1 NOTE
r-release-windows-ix86+x86_64 1.7.1 4.00 46.00 50.00 NOTE
r-oldrel-macos-x86_64 1.7.1 OK
r-oldrel-windows-ix86+x86_64 1.7.1 8.00 45.00 53.00 OK

Check Details

Version: 1.7.1
Check: LazyData
Result: NOTE
     'LazyData' is specified without a 'data' directory
Flavors: r-devel-linux-x86_64-debian-clang, r-devel-linux-x86_64-debian-gcc, r-devel-linux-x86_64-fedora-clang, r-devel-linux-x86_64-fedora-gcc, r-devel-windows-x86_64, r-devel-windows-x86_64-gcc10-UCRT, r-patched-linux-x86_64, r-patched-solaris-x86, r-release-linux-x86_64, r-release-macos-arm64, r-release-macos-x86_64, r-release-windows-ix86+x86_64