CRAN Package Check Results for Package formattable

Last updated on 2021-12-04 11:52:35 CET.

Flavor Version Tinstall Tcheck Ttotal Status Flags
r-devel-linux-x86_64-debian-clang 0.2.1 4.08 50.21 54.29 NOTE
r-devel-linux-x86_64-debian-gcc 0.2.1 2.78 39.92 42.70 NOTE
r-devel-linux-x86_64-fedora-clang 0.2.1 66.49 NOTE
r-devel-linux-x86_64-fedora-gcc 0.2.1 55.03 NOTE
r-devel-windows-x86_64-new-UL 0.2.1 12.00 94.00 106.00 NOTE
r-devel-windows-x86_64-new-TK 0.2.1 NOTE
r-devel-windows-x86_64-old 0.2.1 7.00 50.00 57.00 NOTE
r-patched-linux-x86_64 0.2.1 3.51 41.83 45.34 NOTE
r-release-linux-x86_64 0.2.1 2.63 41.85 44.48 NOTE
r-release-macos-arm64 0.2.1 NOTE
r-release-macos-x86_64 0.2.1 NOTE
r-release-windows-ix86+x86_64 0.2.1 8.00 67.00 75.00 NOTE
r-oldrel-macos-x86_64 0.2.1 OK
r-oldrel-windows-ix86+x86_64 0.2.1 9.00 70.00 79.00 OK

Check Details

Version: 0.2.1
Check: LazyData
Result: NOTE
     'LazyData' is specified without a 'data' directory
Flavors: r-devel-linux-x86_64-debian-clang, r-devel-linux-x86_64-debian-gcc, r-devel-linux-x86_64-fedora-clang, r-devel-linux-x86_64-fedora-gcc, r-devel-windows-x86_64-new-UL, r-devel-windows-x86_64-new-TK, r-devel-windows-x86_64-old, r-patched-linux-x86_64, r-release-linux-x86_64, r-release-macos-arm64, r-release-macos-x86_64, r-release-windows-ix86+x86_64