CRAN Package Check Results for Package foretell

Last updated on 2021-09-20 16:50:30 CEST.

Flavor Version Tinstall Tcheck Ttotal Status Flags
r-devel-linux-x86_64-debian-clang 0.2.0 2.31 22.49 24.80 OK
r-devel-linux-x86_64-debian-gcc 0.2.0 1.79 17.73 19.52 OK
r-devel-linux-x86_64-fedora-clang 0.2.0 38.82 OK
r-devel-linux-x86_64-fedora-gcc 0.2.0 28.39 OK
r-devel-windows-x86_64 0.2.0 3.00 28.00 31.00 OK
r-devel-windows-x86_64-gcc10-UCRT 0.2.0 ERROR
r-patched-linux-x86_64 0.2.0 2.27 22.07 24.34 OK
r-patched-solaris-x86 0.2.0 44.00 OK
r-release-linux-x86_64 0.2.0 2.07 21.79 23.86 OK
r-release-macos-arm64 0.2.0 OK
r-release-macos-x86_64 0.2.0 OK
r-release-windows-ix86+x86_64 0.2.0 5.00 27.00 32.00 OK
r-oldrel-macos-x86_64 0.2.0 OK
r-oldrel-windows-ix86+x86_64 0.2.0 5.00 30.00 35.00 OK

Check Details

Version: 0.2.0
Check: whether package can be installed
Result: WARN
    Found the following significant warnings:
     WARNING: installation-time patches will not be applied, could not get the patches index
Flavor: r-devel-windows-x86_64-gcc10-UCRT

Version: 0.2.0
Check: PDF version of manual
Result: WARN
    LaTeX errors when creating PDF version.
    This typically indicates Rd problems.
Flavor: r-devel-windows-x86_64-gcc10-UCRT

Version: 0.2.0
Check: PDF version of manual without hyperrefs or index
Result: ERROR
    Re-running with no redirection of stdout/stderr.
Flavor: r-devel-windows-x86_64-gcc10-UCRT