CRAN Package Check Results for Package forecastHybrid

Last updated on 2021-12-01 23:51:38 CET.

Flavor Version Tinstall Tcheck Ttotal Status Flags
r-devel-linux-x86_64-debian-clang 5.0.19 8.11 344.81 352.92 NOTE
r-devel-linux-x86_64-debian-gcc 5.0.19 6.03 239.92 245.95 NOTE
r-devel-linux-x86_64-fedora-clang 5.0.19 402.59 NOTE
r-devel-linux-x86_64-fedora-gcc 5.0.19 393.03 NOTE
r-devel-windows-x86_64-new-UL 5.0.19 19.00 452.00 471.00 NOTE
r-devel-windows-x86_64-new-TK 5.0.19 NOTE
r-devel-windows-x86_64-old 5.0.19 14.00 379.00 393.00 NOTE
r-patched-linux-x86_64 5.0.19 12.60 322.93 335.53 NOTE
r-patched-solaris-x86 5.0.19 254.80 NOTE
r-release-linux-x86_64 5.0.19 6.47 323.39 329.86 NOTE
r-release-macos-arm64 5.0.19 NOTE
r-release-macos-x86_64 5.0.19 NOTE
r-release-windows-ix86+x86_64 5.0.19 21.00 470.00 491.00 NOTE
r-oldrel-macos-x86_64 5.0.19 OK
r-oldrel-windows-ix86+x86_64 5.0.19 20.00 464.00 484.00 OK

Check Details

Version: 5.0.19
Check: LazyData
Result: NOTE
     'LazyData' is specified without a 'data' directory
Flavors: r-devel-linux-x86_64-debian-clang, r-devel-linux-x86_64-debian-gcc, r-devel-linux-x86_64-fedora-clang, r-devel-linux-x86_64-fedora-gcc, r-devel-windows-x86_64-new-UL, r-devel-windows-x86_64-new-TK, r-devel-windows-x86_64-old, r-patched-linux-x86_64, r-patched-solaris-x86, r-release-linux-x86_64, r-release-macos-arm64, r-release-macos-x86_64, r-release-windows-ix86+x86_64