CRAN Package Check Results for Package forecast

Last updated on 2021-10-17 16:49:24 CEST.

Flavor Version Tinstall Tcheck Ttotal Status Flags
r-devel-linux-x86_64-debian-clang 8.15 118.87 376.62 495.49 OK
r-devel-linux-x86_64-debian-gcc 8.15 92.73 271.08 363.81 OK
r-devel-linux-x86_64-fedora-clang 8.15 649.87 OK
r-devel-linux-x86_64-fedora-gcc 8.15 614.52 OK
r-devel-windows-x86_64 8.15 174.00 453.00 627.00 OK
r-devel-windows-x86_64-gcc10-UCRT 8.15 OK
r-patched-linux-x86_64 8.15 116.93 366.03 482.96 OK
r-patched-solaris-x86 8.15 639.20 NOTE
r-release-linux-x86_64 8.15 111.42 365.81 477.23 OK
r-release-macos-arm64 8.15 NOTE
r-release-macos-x86_64 8.15 OK
r-release-windows-ix86+x86_64 8.15 245.00 773.00 1018.00 OK
r-oldrel-macos-x86_64 8.15 OK
r-oldrel-windows-ix86+x86_64 8.15 305.00 760.00 1065.00 ERROR

Check Details

Version: 8.15
Check: package dependencies
Result: NOTE
    Package suggested but not available for checking: ‘seasonal’
Flavor: r-patched-solaris-x86

Version: 8.15
Check: installed package size
Result: NOTE
     installed size is 5.8Mb
     sub-directories of 1Mb or more:
     libs 4.2Mb
Flavor: r-release-macos-arm64

Version: 8.15
Check: running tests for arch ‘i386’
Result: ERROR
     Running 'testthat.R' [220s]
    Running the tests in 'tests/testthat.R' failed.
    Complete output:
     > Sys.setenv("R_TESTS" = "")
     > if (require(testthat)) {
     + test_check("forecast")
     + }
     Loading required package: testthat
     Loading required package: forecast
     == Skipped tests ===============================================================
     * On CRAN (1)
     * empty test (4)
    
     == Failed tests ================================================================
     -- Error (test-newarima2.R:26:5): test parallel = TRUE and stepwise = FALSE for auto.arima() --
     Error in `serverSocket(port = port)`: creation of server socket failed: port 11253 cannot be opened
     Backtrace:
     x
     1. +-testthat::expect_equal(...) test-newarima2.R:26:4
     2. | \-testthat::quasi_label(enquo(object), label, arg = "object")
     3. | \-rlang::eval_bare(expr, quo_get_env(quo))
     4. \-forecast::auto.arima(WWWusage, parallel = TRUE, stepwise = FALSE)
     5. \-forecast:::search.arima(...)
     6. \-parallel::makeCluster(num.cores)
     7. \-parallel::makePSOCKcluster(names = spec, ...)
     8. \-base::serverSocket(port = port)
    
     [ FAIL 1 | WARN 0 | SKIP 5 | PASS 774 ]
     Error: Test failures
     Execution halted
Flavor: r-oldrel-windows-ix86+x86_64