CRAN Package Check Results for Package forecTheta

Last updated on 2021-09-21 16:51:21 CEST.

Flavor Version Tinstall Tcheck Ttotal Status Flags
r-devel-linux-x86_64-debian-clang 2.2 8.16 74.10 82.26 NOTE
r-devel-linux-x86_64-debian-gcc 2.2 5.54 53.75 59.29 NOTE
r-devel-linux-x86_64-fedora-clang 2.2 104.25 NOTE
r-devel-linux-x86_64-fedora-gcc 2.2 91.14 NOTE
r-devel-windows-x86_64 2.2 9.00 70.00 79.00 NOTE
r-devel-windows-x86_64-gcc10-UCRT 2.2 ERROR
r-patched-linux-x86_64 2.2 7.68 68.31 75.99 NOTE
r-patched-solaris-x86 2.2 128.60 NOTE
r-release-linux-x86_64 2.2 7.71 69.15 76.86 NOTE
r-release-macos-arm64 2.2 NOTE
r-release-macos-x86_64 2.2 NOTE
r-release-windows-ix86+x86_64 2.2 18.00 71.00 89.00 NOTE
r-oldrel-macos-x86_64 2.2 NOTE
r-oldrel-windows-ix86+x86_64 2.2 20.00 74.00 94.00 NOTE

Check Details

Version: 2.2
Check: DESCRIPTION meta-information
Result: NOTE
    BugReports field is not a suitable URL but contains an email address:
     use the Contact field instead
Flavors: r-devel-linux-x86_64-debian-clang, r-devel-linux-x86_64-debian-gcc, r-devel-linux-x86_64-fedora-clang, r-devel-linux-x86_64-fedora-gcc, r-devel-windows-x86_64, r-devel-windows-x86_64-gcc10-UCRT, r-patched-linux-x86_64, r-patched-solaris-x86, r-release-linux-x86_64, r-release-macos-arm64, r-release-macos-x86_64, r-release-windows-ix86+x86_64, r-oldrel-macos-x86_64, r-oldrel-windows-ix86+x86_64

Version: 2.2
Check: whether package can be installed
Result: WARN
    Found the following significant warnings:
     WARNING: installation-time patches will not be applied, could not get the patches index
Flavor: r-devel-windows-x86_64-gcc10-UCRT

Version: 2.2
Check: PDF version of manual
Result: WARN
    LaTeX errors when creating PDF version.
    This typically indicates Rd problems.
Flavor: r-devel-windows-x86_64-gcc10-UCRT

Version: 2.2
Check: PDF version of manual without hyperrefs or index
Result: ERROR
    Re-running with no redirection of stdout/stderr.
Flavor: r-devel-windows-x86_64-gcc10-UCRT