CRAN Package Check Results for Package fmriqa

Last updated on 2021-06-18 21:53:16 CEST.

Flavor Version Tinstall Tcheck Ttotal Status Flags
r-devel-linux-x86_64-debian-clang 0.3.0 10.24 123.23 133.47 NOTE
r-devel-linux-x86_64-debian-gcc 0.3.0 9.13 92.23 101.36 NOTE
r-devel-linux-x86_64-fedora-clang 0.3.0 173.28 NOTE
r-devel-linux-x86_64-fedora-gcc 0.3.0 156.94 NOTE
r-devel-windows-x86_64 0.3.0 16.00 139.00 155.00 NOTE
r-devel-windows-x86_64-gcc10-UCRT 0.3.0 NOTE
r-patched-linux-x86_64 0.3.0 9.87 115.83 125.70 NOTE
r-patched-solaris-x86 0.3.0 242.50 NOTE
r-release-linux-x86_64 0.3.0 9.47 117.84 127.31 NOTE
r-release-macos-arm64 0.3.0 NOTE
r-release-macos-x86_64 0.3.0 NOTE
r-release-windows-ix86+x86_64 0.3.0 25.00 148.00 173.00 NOTE
r-oldrel-macos-x86_64 0.3.0 OK
r-oldrel-windows-ix86+x86_64 0.3.0 20.00 108.00 128.00 OK

Check Details

Version: 0.3.0
Check: LazyData
Result: NOTE
     'LazyData' is specified without a 'data' directory
Flavors: r-devel-linux-x86_64-debian-clang, r-devel-linux-x86_64-debian-gcc, r-devel-linux-x86_64-fedora-clang, r-devel-linux-x86_64-fedora-gcc, r-devel-windows-x86_64, r-devel-windows-x86_64-gcc10-UCRT, r-patched-linux-x86_64, r-patched-solaris-x86, r-release-linux-x86_64, r-release-macos-arm64, r-release-macos-x86_64, r-release-windows-ix86+x86_64