CRAN Package Check Results for Package fmpcloudr

Last updated on 2021-07-26 19:49:18 CEST.

Flavor Version Tinstall Tcheck Ttotal Status Flags
r-devel-linux-x86_64-debian-clang 0.1.5 3.13 29.22 32.35 NOTE
r-devel-linux-x86_64-debian-gcc 0.1.5 2.37 23.12 25.49 NOTE
r-devel-linux-x86_64-fedora-clang 0.1.5 48.54 NOTE
r-devel-linux-x86_64-fedora-gcc 0.1.5 36.41 NOTE
r-devel-windows-x86_64 0.1.5 5.00 47.00 52.00 NOTE
r-devel-windows-x86_64-gcc10-UCRT 0.1.5 NOTE
r-patched-linux-x86_64 0.1.5 3.56 28.28 31.84 NOTE
r-patched-solaris-x86 0.1.5 52.90 NOTE
r-release-linux-x86_64 0.1.5 2.54 27.98 30.52 NOTE
r-release-macos-arm64 0.1.5 NOTE
r-release-macos-x86_64 0.1.5 NOTE
r-release-windows-ix86+x86_64 0.1.5 7.00 35.00 42.00 NOTE
r-oldrel-macos-x86_64 0.1.5 OK
r-oldrel-windows-ix86+x86_64 0.1.5 5.00 45.00 50.00 OK

Check Details

Version: 0.1.5
Check: LazyData
Result: NOTE
     'LazyData' is specified without a 'data' directory
Flavors: r-devel-linux-x86_64-debian-clang, r-devel-linux-x86_64-debian-gcc, r-devel-linux-x86_64-fedora-clang, r-devel-linux-x86_64-fedora-gcc, r-devel-windows-x86_64, r-devel-windows-x86_64-gcc10-UCRT, r-patched-linux-x86_64, r-patched-solaris-x86, r-release-linux-x86_64, r-release-macos-arm64, r-release-macos-x86_64, r-release-windows-ix86+x86_64