Last updated on 2022-07-07 05:56:02 CEST.
Flavor | Version | Tinstall | Tcheck | Ttotal | Status | Flags |
---|---|---|---|---|---|---|
r-devel-linux-x86_64-debian-clang | 0.3.4 | 43.04 | 76.53 | 119.57 | OK | |
r-devel-linux-x86_64-debian-gcc | 0.3.4 | 36.47 | 57.45 | 93.92 | OK | |
r-devel-linux-x86_64-fedora-clang | 0.3.4 | 158.88 | NOTE | |||
r-devel-linux-x86_64-fedora-gcc | 0.3.4 | 159.25 | OK | |||
r-devel-windows-x86_64 | 0.3.4 | 48.00 | 94.00 | 142.00 | NOTE | |
r-patched-linux-x86_64 | 0.3.4 | 44.91 | 71.45 | 116.36 | OK | |
r-release-linux-x86_64 | 0.3.4 | 42.04 | 70.04 | 112.08 | OK | |
r-release-macos-arm64 | 0.3.4 | 61.00 | NOTE | |||
r-release-macos-x86_64 | 0.3.4 | 92.00 | NOTE | |||
r-release-windows-x86_64 | 0.3.4 | 46.00 | 95.00 | 141.00 | NOTE | |
r-oldrel-macos-arm64 | 0.3.4 | 75.00 | NOTE | |||
r-oldrel-macos-x86_64 | 0.3.4 | 100.00 | NOTE | |||
r-oldrel-windows-ix86+x86_64 | 0.3.4 | 73.00 | 92.00 | 165.00 | NOTE |
Version: 0.3.4
Check: installed package size
Result: NOTE
installed size is 7.2Mb
sub-directories of 1Mb or more:
R 7.0Mb
Flavors: r-devel-linux-x86_64-fedora-clang, r-devel-windows-x86_64, r-release-macos-arm64, r-release-macos-x86_64, r-release-windows-x86_64, r-oldrel-macos-arm64, r-oldrel-macos-x86_64, r-oldrel-windows-ix86+x86_64