CRAN Package Check Results for Package flippant

Last updated on 2021-06-20 09:49:49 CEST.

Flavor Version Tinstall Tcheck Ttotal Status Flags
r-devel-linux-x86_64-debian-clang 1.5.3 5.01 49.54 54.55 NOTE
r-devel-linux-x86_64-debian-gcc 1.5.3 3.96 36.91 40.87 NOTE
r-devel-linux-x86_64-fedora-clang 1.5.3 72.35 NOTE
r-devel-linux-x86_64-fedora-gcc 1.5.3 61.38 NOTE
r-devel-windows-x86_64 1.5.3 10.00 67.00 77.00 NOTE
r-devel-windows-x86_64-gcc10-UCRT 1.5.3 NOTE
r-patched-linux-x86_64 1.5.3 9.38 46.27 55.65 NOTE
r-patched-solaris-x86 1.5.3 90.90 NOTE
r-release-linux-x86_64 1.5.3 4.73 46.67 51.40 NOTE
r-release-macos-arm64 1.5.3 NOTE
r-release-macos-x86_64 1.5.3 NOTE
r-release-windows-ix86+x86_64 1.5.3 14.00 66.00 80.00 NOTE
r-oldrel-macos-x86_64 1.5.3 OK
r-oldrel-windows-ix86+x86_64 1.5.3 11.00 48.00 59.00 OK

Check Details

Version: 1.5.3
Check: LazyData
Result: NOTE
     'LazyData' is specified without a 'data' directory
Flavors: r-devel-linux-x86_64-debian-clang, r-devel-linux-x86_64-debian-gcc, r-devel-linux-x86_64-fedora-clang, r-devel-linux-x86_64-fedora-gcc, r-devel-windows-x86_64, r-devel-windows-x86_64-gcc10-UCRT, r-patched-linux-x86_64, r-patched-solaris-x86, r-release-linux-x86_64, r-release-macos-arm64, r-release-macos-x86_64, r-release-windows-ix86+x86_64

Version: 1.5.3
Check: package dependencies
Result: NOTE
    Packages suggested but not available for checking:
     'devtools', 'multipanelfigure'
Flavor: r-devel-windows-x86_64-gcc10-UCRT

Version: 1.5.3
Check: package dependencies
Result: NOTE
    Package suggested but not available for checking: ‘multipanelfigure’
Flavor: r-patched-solaris-x86