Last updated on 2022-08-11 09:53:17 CEST.
Flavor | Version | Tinstall | Tcheck | Ttotal | Status | Flags |
---|---|---|---|---|---|---|
r-devel-linux-x86_64-debian-clang | 1.01-2 | 2.79 | 22.02 | 24.81 | NOTE | |
r-devel-linux-x86_64-debian-gcc | 1.01-2 | 1.98 | 17.58 | 19.56 | NOTE | |
r-devel-linux-x86_64-fedora-clang | 1.01-2 | 41.07 | NOTE | |||
r-devel-linux-x86_64-fedora-gcc | 1.01-2 | 39.60 | NOTE | |||
r-devel-windows-x86_64 | 1.01-2 | 12.00 | 44.00 | 56.00 | NOTE | |
r-patched-linux-x86_64 | 1.01-2 | 2.64 | 21.28 | 23.92 | NOTE | |
r-release-linux-x86_64 | 1.01-2 | NOTE | ||||
r-release-macos-arm64 | 1.01-2 | 15.00 | NOTE | |||
r-release-macos-x86_64 | 1.01-2 | 22.00 | NOTE | |||
r-release-windows-x86_64 | 1.01-2 | 6.00 | 45.00 | 51.00 | NOTE | |
r-oldrel-macos-arm64 | 1.01-2 | 22.00 | NOTE | |||
r-oldrel-macos-x86_64 | 1.01-2 | 32.00 | NOTE | |||
r-oldrel-windows-ix86+x86_64 | 1.01-2 | 8.00 | 33.00 | 41.00 | NOTE |
Version: 1.01-2
Check: DESCRIPTION meta-information
Result: NOTE
Malformed Description field: should contain one or more complete sentences.
Flavors: r-devel-linux-x86_64-debian-clang, r-devel-linux-x86_64-debian-gcc, r-devel-linux-x86_64-fedora-clang, r-devel-linux-x86_64-fedora-gcc, r-devel-windows-x86_64, r-patched-linux-x86_64, r-release-linux-x86_64, r-release-macos-arm64, r-release-macos-x86_64, r-release-windows-x86_64, r-oldrel-macos-arm64, r-oldrel-macos-x86_64, r-oldrel-windows-ix86+x86_64
Version: 1.01-2
Check: Rd files
Result: NOTE
checkRd: (-1) flashClust.Rd:92: Escaped LaTeX specials: \&
Flavors: r-devel-linux-x86_64-debian-clang, r-devel-linux-x86_64-debian-gcc, r-devel-linux-x86_64-fedora-clang, r-devel-linux-x86_64-fedora-gcc, r-devel-windows-x86_64
Version: 1.01-2
Check: compiled code
Result: NOTE
File ‘flashClust/libs/flashClust.so’:
Found no calls to: ‘R_registerRoutines’, ‘R_useDynamicSymbols’
It is good practice to register native routines and to disable symbol
search.
See ‘Writing portable packages’ in the ‘Writing R Extensions’ manual.
Flavors: r-devel-linux-x86_64-fedora-clang, r-devel-linux-x86_64-fedora-gcc