CRAN Package Check Results for Package fixest

Last updated on 2022-05-25 14:52:52 CEST.

Flavor Version Tinstall Tcheck Ttotal Status Flags
r-devel-linux-x86_64-debian-clang 0.10.4 142.40 319.48 461.88 OK
r-devel-linux-x86_64-debian-gcc 0.10.4 113.35 295.83 409.18 OK
r-devel-linux-x86_64-fedora-clang 0.10.4 625.26 NOTE
r-devel-linux-x86_64-fedora-gcc 0.10.4 563.57 OK
r-devel-windows-x86_64 0.10.4 174.00 336.00 510.00 NOTE
r-patched-linux-x86_64 0.10.4 115.87 319.23 435.10 OK
r-release-linux-x86_64 0.10.4 OK
r-release-macos-arm64 0.10.4 110.00 NOTE
r-release-macos-x86_64 0.10.4 172.00 NOTE
r-release-windows-x86_64 0.10.4 170.00 326.00 496.00 NOTE
r-oldrel-macos-arm64 0.10.4 111.00 NOTE
r-oldrel-macos-x86_64 0.10.4 157.00 NOTE
r-oldrel-windows-ix86+x86_64 0.10.4 292.00 438.00 730.00 NOTE

Check Details

Version: 0.10.4
Check: installed package size
Result: NOTE
     installed size is 10.1Mb
     sub-directories of 1Mb or more:
     R 1.3Mb
     doc 3.6Mb
     libs 4.2Mb
Flavors: r-devel-linux-x86_64-fedora-clang, r-devel-windows-x86_64, r-release-macos-arm64, r-release-macos-x86_64, r-release-windows-x86_64, r-oldrel-macos-arm64, r-oldrel-macos-x86_64, r-oldrel-windows-ix86+x86_64

Version: 0.10.4
Check: package dependencies
Result: NOTE
    Package suggested but not available for checking: ‘pdftools’
Flavor: r-release-macos-x86_64