CRAN Package Check Results for Package fivethirtyeight

Last updated on 2021-07-24 07:49:24 CEST.

Flavor Version Tinstall Tcheck Ttotal Status Flags
r-devel-linux-x86_64-debian-clang 0.6.1 8.24 60.66 68.90 NOTE
r-devel-linux-x86_64-debian-gcc 0.6.1 6.74 47.92 54.66 NOTE
r-devel-linux-x86_64-fedora-clang 0.6.1 92.45 NOTE
r-devel-linux-x86_64-fedora-gcc 0.6.1 82.14 NOTE
r-devel-windows-x86_64 0.6.1 11.00 65.00 76.00 NOTE
r-devel-windows-x86_64-gcc10-UCRT 0.6.1 NOTE
r-patched-linux-x86_64 0.6.1 11.11 58.54 69.65 NOTE
r-patched-solaris-x86 0.6.1 112.90 NOTE
r-release-linux-x86_64 0.6.1 7.72 58.90 66.62 NOTE
r-release-macos-arm64 0.6.1 NOTE
r-release-macos-x86_64 0.6.1 NOTE
r-release-windows-ix86+x86_64 0.6.1 16.00 68.00 84.00 NOTE
r-oldrel-macos-x86_64 0.6.1 NOTE
r-oldrel-windows-ix86+x86_64 0.6.1 40.00 79.00 119.00 NOTE

Check Details

Version: 0.6.1
Check: package dependencies
Result: NOTE
    Package suggested but not available for checking: 'fivethirtyeightdata'
Flavors: r-devel-linux-x86_64-debian-clang, r-devel-linux-x86_64-debian-gcc, r-devel-linux-x86_64-fedora-clang, r-devel-linux-x86_64-fedora-gcc, r-devel-windows-x86_64, r-devel-windows-x86_64-gcc10-UCRT, r-patched-linux-x86_64, r-patched-solaris-x86, r-release-linux-x86_64, r-release-macos-arm64, r-release-macos-x86_64, r-release-windows-ix86+x86_64, r-oldrel-macos-x86_64, r-oldrel-windows-ix86+x86_64

Version: 0.6.1
Check: Rd cross-references
Result: NOTE
    Package unavailable to check Rd xrefs: 'fivethirtyeightdata'
Flavors: r-devel-linux-x86_64-debian-clang, r-devel-linux-x86_64-debian-gcc, r-devel-linux-x86_64-fedora-clang, r-devel-linux-x86_64-fedora-gcc, r-devel-windows-x86_64, r-devel-windows-x86_64-gcc10-UCRT, r-patched-linux-x86_64, r-patched-solaris-x86, r-release-linux-x86_64, r-release-macos-arm64, r-release-macos-x86_64, r-release-windows-ix86+x86_64, r-oldrel-macos-x86_64, r-oldrel-windows-ix86+x86_64

Version: 0.6.1
Check: installed package size
Result: NOTE
     installed size is 5.0Mb
     sub-directories of 1Mb or more:
     data 3.8Mb
Flavors: r-devel-linux-x86_64-fedora-clang, r-patched-solaris-x86

Version: 0.6.1
Check: data for non-ASCII characters
Result: NOTE
     Note: found 584 marked UTF-8 strings
Flavors: r-devel-linux-x86_64-fedora-clang, r-devel-linux-x86_64-fedora-gcc, r-devel-windows-x86_64-gcc10-UCRT, r-patched-solaris-x86, r-release-macos-arm64, r-release-macos-x86_64, r-oldrel-macos-x86_64