CRAN Package Check Results for Package fitbitViz

Last updated on 2025-04-22 12:49:26 CEST.

Flavor Version Tinstall Tcheck Ttotal Status Flags
r-devel-linux-x86_64-debian-clang 1.0.6 48.14 383.38 431.52 OK
r-devel-linux-x86_64-debian-gcc 1.0.6 37.69 258.25 295.94 OK
r-devel-linux-x86_64-fedora-clang 1.0.6 682.88 OK
r-devel-linux-x86_64-fedora-gcc 1.0.6 657.52 OK
r-devel-windows-x86_64 1.0.6 43.00 299.00 342.00 OK
r-patched-linux-x86_64 1.0.6 50.76 366.51 417.27 OK
r-release-linux-x86_64 1.0.6 50.43 367.44 417.87 OK
r-release-macos-arm64 1.0.6 141.00 OK
r-release-macos-x86_64 1.0.6 310.00 OK
r-release-windows-x86_64 1.0.6 40.00 294.00 334.00 OK
r-oldrel-macos-arm64 1.0.6 145.00 NOTE
r-oldrel-macos-x86_64 1.0.6 230.00 NOTE
r-oldrel-windows-x86_64 1.0.6 57.00 399.00 456.00 NOTE

Check Details

Version: 1.0.6
Check: installed package size
Result: NOTE installed size is 5.7Mb sub-directories of 1Mb or more: doc 4.0Mb Flavors: r-oldrel-macos-arm64, r-oldrel-macos-x86_64, r-oldrel-windows-x86_64