CRAN Package Check Results for Package fitHeavyTail

Last updated on 2021-11-28 11:48:44 CET.

Flavor Version Tinstall Tcheck Ttotal Status Flags
r-devel-linux-x86_64-debian-clang 0.1.2 NOTE
r-devel-linux-x86_64-debian-gcc 0.1.2 7.35 60.71 68.06 NOTE
r-devel-linux-x86_64-fedora-clang 0.1.2 115.94 NOTE
r-devel-linux-x86_64-fedora-gcc 0.1.2 104.77 NOTE
r-devel-windows-x86_64-new-UL 0.1.2 16.00 115.00 131.00 NOTE
r-devel-windows-x86_64-new-TK 0.1.2 NOTE
r-devel-windows-x86_64-old 0.1.2 11.00 104.00 115.00 NOTE
r-patched-linux-x86_64 0.1.2 8.73 74.87 83.60 NOTE
r-patched-solaris-x86 0.1.2 153.20 NOTE
r-release-linux-x86_64 0.1.2 8.62 75.74 84.36 NOTE
r-release-macos-arm64 0.1.2 NOTE
r-release-macos-x86_64 0.1.2 NOTE
r-release-windows-ix86+x86_64 0.1.2 20.00 72.00 92.00 NOTE
r-oldrel-macos-x86_64 0.1.2 OK
r-oldrel-windows-ix86+x86_64 0.1.2 15.00 98.00 113.00 OK

Check Details

Version: 0.1.2
Check: LazyData
Result: NOTE
     'LazyData' is specified without a 'data' directory
Flavors: r-devel-linux-x86_64-debian-clang, r-devel-linux-x86_64-debian-gcc, r-devel-linux-x86_64-fedora-clang, r-devel-linux-x86_64-fedora-gcc, r-devel-windows-x86_64-new-UL, r-devel-windows-x86_64-new-TK, r-devel-windows-x86_64-old, r-patched-linux-x86_64, r-patched-solaris-x86, r-release-linux-x86_64, r-release-macos-arm64, r-release-macos-x86_64, r-release-windows-ix86+x86_64