CRAN Package Check Results for Package fitConic

Last updated on 2021-06-17 09:51:44 CEST.

Flavor Version Tinstall Tcheck Ttotal Status Flags
r-devel-linux-x86_64-debian-clang 1.1 2.90 28.70 31.60 OK
r-devel-linux-x86_64-debian-gcc 1.1 2.32 22.70 25.02 OK
r-devel-linux-x86_64-fedora-clang 1.1 46.45 NOTE
r-devel-linux-x86_64-fedora-gcc 1.1 35.91 OK
r-devel-windows-x86_64 1.1 6.00 38.00 44.00 OK
r-devel-windows-x86_64-gcc10-UCRT 1.1 OK
r-patched-linux-x86_64 1.1 2.90 27.74 30.64 OK
r-patched-solaris-x86 1.1 53.50 OK
r-release-linux-x86_64 1.1 2.66 27.63 30.29 OK
r-release-macos-arm64 1.1 OK
r-release-macos-x86_64 1.1 OK
r-release-windows-ix86+x86_64 1.1 6.00 31.00 37.00 OK
r-oldrel-macos-x86_64 1.1 OK
r-oldrel-windows-ix86+x86_64 1.1 5.00 44.00 49.00 OK

Check Details

Version: 1.1
Check: Rd cross-references
Result: NOTE
    Undeclared package ‘conicfit’ in Rd xrefs
Flavor: r-devel-linux-x86_64-fedora-clang