Last updated on 2025-01-15 07:52:57 CET.
Flavor | Version | Tinstall | Tcheck | Ttotal | Status | Flags |
---|---|---|---|---|---|---|
r-devel-linux-x86_64-debian-clang | 0.1.2 | 362.72 | 39.90 | 402.62 | OK | |
r-devel-linux-x86_64-debian-gcc | 0.1.2 | 280.69 | 29.85 | 310.54 | OK | |
r-devel-linux-x86_64-fedora-clang | 0.1.2 | 836.41 | OK | |||
r-devel-linux-x86_64-fedora-gcc | 0.1.2 | 848.43 | OK | |||
r-devel-windows-x86_64 | 0.1.2 | 294.00 | 96.00 | 390.00 | OK | |
r-patched-linux-x86_64 | 0.1.2 | 370.70 | 38.57 | 409.27 | OK | |
r-release-linux-x86_64 | 0.1.2 | 365.90 | 38.23 | 404.13 | OK | |
r-release-macos-arm64 | 0.1.2 | 204.00 | NOTE | |||
r-release-macos-x86_64 | 0.1.2 | 238.00 | NOTE | |||
r-release-windows-x86_64 | 0.1.2 | 280.00 | 96.00 | 376.00 | OK | |
r-oldrel-macos-arm64 | 0.1.2 | 201.00 | NOTE | |||
r-oldrel-macos-x86_64 | 0.1.2 | 210.00 | NOTE | |||
r-oldrel-windows-x86_64 | 0.1.2 | 269.00 | 102.00 | 371.00 | OK |
Version: 0.1.2
Check: installed package size
Result: NOTE
installed size is 12.2Mb
sub-directories of 1Mb or more:
libs 11.2Mb
Flavors: r-release-macos-arm64, r-release-macos-x86_64, r-oldrel-macos-arm64, r-oldrel-macos-x86_64