CRAN Package Check Results for Package finalfit

Last updated on 2021-07-30 19:50:08 CEST.

Flavor Version Tinstall Tcheck Ttotal Status Flags
r-devel-linux-x86_64-debian-clang 1.0.3 OK
r-devel-linux-x86_64-debian-gcc 1.0.3 12.27 253.50 265.77 OK
r-devel-linux-x86_64-fedora-clang 1.0.3 406.63 OK
r-devel-linux-x86_64-fedora-gcc 1.0.3 395.87 OK
r-devel-windows-x86_64 1.0.3 39.00 418.00 457.00 OK
r-devel-windows-x86_64-gcc10-UCRT 1.0.3 OK
r-patched-linux-x86_64 1.0.3 OK
r-patched-solaris-x86 1.0.3 533.20 NOTE
r-release-linux-x86_64 1.0.3 14.11 324.52 338.63 OK
r-release-macos-arm64 1.0.3 WARN
r-release-macos-x86_64 1.0.3 OK
r-release-windows-ix86+x86_64 1.0.3 33.00 424.00 457.00 OK
r-oldrel-macos-x86_64 1.0.3 OK
r-oldrel-windows-ix86+x86_64 1.0.3 35.00 434.00 469.00 OK

Check Details

Version: 1.0.3
Check: installed package size
Result: NOTE
     installed size is 5.3Mb
     sub-directories of 1Mb or more:
     doc 4.5Mb
Flavor: r-patched-solaris-x86

Version: 1.0.3
Check: re-building of vignette outputs
Result: WARN
    Error(s) in re-building vignettes:
    --- re-building ‘all_tables_examples.Rmd’ using rmarkdown
    Warning in engine$weave(file, quiet = quiet, encoding = enc) :
     Pandoc (>= 1.12.3) not available. Falling back to R Markdown v1.
    
    Attaching package: 'dplyr'
    
    The following objects are masked from 'package:stats':
    
     filter, lag
    
    The following objects are masked from 'package:base':
    
     intersect, setdiff, setequal, union
    
    Warning in chisq.test(age.factor, perfor.factor) :
     Chi-squared approximation may be incorrect
    Warning in chisq.test(age.factor, perfor.factor) :
     Chi-squared approximation may be incorrect
    Warning in chisq.test(age.factor, perfor.factor) :
     Chi-squared approximation may be incorrect
    Warning in chisq.test(age.factor, perfor.factor) :
     Chi-squared approximation may be incorrect
    Warning in chisq.test(age.factor, perfor.factor) :
     Chi-squared approximation may be incorrect
    Warning in chisq.test(obstruct.factor, perfor.factor) :
     Chi-squared approximation may be incorrect
    Warning in chisq.test(age.factor, perfor.factor) :
     Chi-squared approximation may be incorrect
    Warning in chisq.test(age.factor, perfor.factor) :
     Chi-squared approximation may be incorrect
    Warning in chisq.test(age.factor, perfor.factor) :
     Chi-squared approximation may be incorrect
    Warning in chisq.test(age.factor, perfor.factor) :
     Chi-squared approximation may be incorrect
    Warning in chisq.test(age.factor, perfor.factor) :
     Chi-squared approximation may be incorrect
    Warning in chisq.test(extent.factor, perfor.factor) :
     Chi-squared approximation may be incorrect
    Warning in chisq.test(age.factor, perfor.factor) :
     Chi-squared approximation may be incorrect
    Warning in chisq.test(age.factor, perfor.factor) :
     Chi-squared approximation may be incorrect
    Warning in chisq.test(age.factor, extent.factor) :
     Chi-squared approximation may be incorrect
    Warning in chisq.test(obstruct.factor, extent.factor) :
     Chi-squared approximation may be incorrect
    Warning in chisq.test(age.factor, mort_5yr) :
     Chi-squared approximation may be incorrect
    Warning in chisq.test(obstruct.factor, mort_5yr) :
     Chi-squared approximation may be incorrect
    Note: dependent includes missing data. These are dropped.
    Warning in chisq.test(age.factor, perfor.factor) :
     Chi-squared approximation may be incorrect
    Note: dependent includes missing data. These are dropped.
    Waiting for profiling to be done...
    Waiting for profiling to be done...
    Waiting for profiling to be done...
    Waiting for profiling to be done...
    Waiting for profiling to be done...
    Note: dependent includes missing data. These are dropped.
    Waiting for profiling to be done...
    Waiting for profiling to be done...
    Waiting for profiling to be done...
    Note: dependent includes missing data. These are dropped.
    Waiting for profiling to be done...
    Waiting for profiling to be done...
    Waiting for profiling to be done...
    Waiting for profiling to be done...
    Waiting for profiling to be done...
    Setting levels: control = 0, case = 1
    Setting direction: controls < cases
    Setting levels: control = 0, case = 1
    Setting direction: controls < cases
    Note: dependent includes missing data. These are dropped.
    Waiting for profiling to be done...
    Waiting for profiling to be done...
    Waiting for profiling to be done...
    Waiting for profiling to be done...
    Waiting for profiling to be done...
    Note: dependent includes missing data. These are dropped.
    Waiting for profiling to be done...
    Waiting for profiling to be done...
    Waiting for profiling to be done...
    Waiting for profiling to be done...
    Waiting for profiling to be done...
    Setting levels: control = 0, case = 1
    Setting direction: controls < cases
    Waiting for profiling to be done...
    Setting levels: control = 0, case = 1
    Setting direction: controls < cases
    Note: dependent includes missing data. These are dropped.
    Waiting for profiling to be done...
    Waiting for profiling to be done...
    Waiting for profiling to be done...
    Waiting for profiling to be done...
    Note: dependent includes missing data. These are dropped.
    Waiting for profiling to be done...
    Waiting for profiling to be done...
    Waiting for profiling to be done...
    Waiting for profiling to be done...
    Note: dependent includes missing data. These are dropped.
    Waiting for profiling to be done...
    Waiting for profiling to be done...
    Waiting for profiling to be done...
    Waiting for profiling to be done...
    Waiting for profiling to be done...
    Note: dependent includes missing data. These are dropped.
    Waiting for profiling to be done...
    Waiting for profiling to be done...
    Waiting for profiling to be done...
    Waiting for profiling to be done...
    Waiting for profiling to be done...
    Note: dependent includes missing data. These are dropped.
    Waiting for profiling to be done...
    Waiting for profiling to be done...
    Waiting for profiling to be done...
    Waiting for profiling to be done...
    Waiting for profiling to be done...
    Note: dependent includes missing data. These are dropped.
    Note: dependent includes missing data. These are dropped.
    Waiting for profiling to be done...
    Waiting for profiling to be done...
    Waiting for profiling to be done...
    Waiting for profiling to be done...
    Waiting for profiling to be done...
    Note: dependent includes missing data. These are dropped.
    Waiting for profiling to be done...
    Waiting for profiling to be done...
    Waiting for profiling to be done...
    Waiting for profiling to be done...
    Waiting for profiling to be done...
    Note: dependent includes missing data. These are dropped.
    Waiting for profiling to be done...
    Waiting for profiling to be done...
    Waiting for profiling to be done...
    Waiting for profiling to be done...
    Waiting for profiling to be done...
    Note: dependent includes missing data. These are dropped.
    Waiting for profiling to be done...
    Waiting for profiling to be done...
    Waiting for profiling to be done...
    Waiting for profiling to be done...
    Note: dependent includes missing data. These are dropped.
    Waiting for profiling to be done...
    Waiting for profiling to be done...
    Waiting for profiling to be done...
    Waiting for profiling to be done...
    Note: dependent includes missing data. These are dropped.
    Waiting for profiling to be done...
    Waiting for profiling to be done...
    Waiting for profiling to be done...
    Waiting for profiling to be done...
    boundary (singular) fit: see ?isSingular
    Waiting for profiling to be done...
    Waiting for profiling to be done...
    Waiting for profiling to be done...
    Waiting for profiling to be done...
    Waiting for profiling to be done...
    Note: dependent includes missing data. These are dropped.
    Note: dependent includes missing data. These are dropped.
    P-value for lmer is estimate assuming t-distribution is normal. Bootstrap for final publication.
    Note: dependent includes missing data. These are dropped.
    boundary (singular) fit: see ?isSingular
    P-value for lmer is estimate assuming t-distribution is normal. Bootstrap for final publication.
    Note: dependent includes missing data. These are dropped.
    Waiting for profiling to be done...
    Waiting for profiling to be done...
    Waiting for profiling to be done...
    Waiting for profiling to be done...
    Note: dependent includes missing data. These are dropped.
    Waiting for profiling to be done...
    Waiting for profiling to be done...
    Waiting for profiling to be done...
    Waiting for profiling to be done...
    Waiting for profiling to be done...
    Waiting for profiling to be done...
    Waiting for profiling to be done...
    Waiting for profiling to be done...
    Waiting for profiling to be done...
    Note: dependent includes missing data. These are dropped.
    Waiting for profiling to be done...
    Waiting for profiling to be done...
    Waiting for profiling to be done...
    Waiting for profiling to be done...
    Waiting for profiling to be done...
    Note: dependent includes missing data. These are dropped.
    Waiting for profiling to be done...
    Waiting for profiling to be done...
    Waiting for profiling to be done...
    Waiting for profiling to be done...
    Waiting for profiling to be done...
    Note: dependent includes missing data. These are dropped.
    Waiting for profiling to be done...
    Waiting for profiling to be done...
    Waiting for profiling to be done...
    Waiting for profiling to be done...
    Dependent variable is a survival object
    Loading required package: grid
    Loading required package: Matrix
    Loading required package: survival
    
    Attaching package: 'survey'
    
    The following object is masked from 'package:graphics':
    
     dotchart
    
    --- finished re-building ‘all_tables_examples.Rmd’
    
    --- re-building ‘bootstrap.Rmd’ using rmarkdown
    Warning in engine$weave(file, quiet = quiet, encoding = enc) :
     Pandoc (>= 1.12.3) not available. Falling back to R Markdown v1.
    --- finished re-building ‘bootstrap.Rmd’
    
    --- re-building ‘data_prep.Rmd’ using rmarkdown
    Warning in engine$weave(file, quiet = quiet, encoding = enc) :
     Pandoc (>= 1.12.3) not available. Falling back to R Markdown v1.
    --- finished re-building ‘data_prep.Rmd’
    
    --- re-building ‘export.Rmd’ using rmarkdown
    Warning in engine$weave(file, quiet = quiet, encoding = enc) :
     Pandoc (>= 1.12.3) not available. Falling back to R Markdown v1.
    
    Attaching package: 'dplyr'
    
    The following objects are masked from 'package:stats':
    
     filter, lag
    
    The following objects are masked from 'package:base':
    
     intersect, setdiff, setequal, union
    
    Note: dependent includes missing data. These are dropped.
    Warning in chisq.test(extent.factor, differ.factor) :
     Chi-squared approximation may be incorrect
    Note: dependent includes missing data. These are dropped.
    Warning in chisq.test(extent.factor, differ.factor) :
     Chi-squared approximation may be incorrect
    Note: dependent includes missing data. These are dropped.
    Waiting for profiling to be done...
    Waiting for profiling to be done...
    Waiting for profiling to be done...
    Waiting for profiling to be done...
    Waiting for profiling to be done...
    Waiting for profiling to be done...
    --- finished re-building ‘export.Rmd’
    
    --- re-building ‘finalfit.Rmd’ using rmarkdown
    Warning in engine$weave(file, quiet = quiet, encoding = enc) :
     Pandoc (>= 1.12.3) not available. Falling back to R Markdown v1.
    
    Attaching package: 'dplyr'
    
    The following objects are masked from 'package:stats':
    
     filter, lag
    
    The following objects are masked from 'package:base':
    
     intersect, setdiff, setequal, union
    
    Warning in chisq.test(age.factor, perfor.factor) :
     Chi-squared approximation may be incorrect
    Note: dependent includes missing data. These are dropped.
    Note: dependent includes missing data. These are dropped.
    Waiting for profiling to be done...
    Waiting for profiling to be done...
    Waiting for profiling to be done...
    Waiting for profiling to be done...
    Waiting for profiling to be done...
    Note: dependent includes missing data. These are dropped.
    Waiting for profiling to be done...
    Waiting for profiling to be done...
    Waiting for profiling to be done...
    Waiting for profiling to be done...
    Waiting for profiling to be done...
    Note: dependent includes missing data. These are dropped.
    Waiting for profiling to be done...
    Waiting for profiling to be done...
    Waiting for profiling to be done...
    Waiting for profiling to be done...
    Note: dependent includes missing data. These are dropped.
    Waiting for profiling to be done...
    Waiting for profiling to be done...
    Waiting for profiling to be done...
    Waiting for profiling to be done...
    Waiting for profiling to be done...
    Setting levels: control = 0, case = 1
    Setting direction: controls < cases
    Note: dependent includes missing data. These are dropped.
    Waiting for profiling to be done...
    Waiting for profiling to be done...
    Waiting for profiling to be done...
    Waiting for profiling to be done...
    Waiting for profiling to be done...
    Warning in text.default(i - 0.5, nrow(R) + 0.3, colnames(r)[i], adj = adj, :
     no font could be found for family "Arial"
    Warning in text.default(i - 0.5, nrow(R) + 0.3, colnames(r)[i], adj = adj, :
     no font could be found for family "Arial"
    Warning in text.default(i - 0.5, nrow(R) + 0.3, colnames(r)[i], adj = adj, :
     no font could be found for family "Arial"
    Warning in text.default(i - 0.5, -0.3, nmis[order(nmis)][i]) :
     no font could be found for family "Arial"
    Warning in text.default(i - 0.5, -0.3, nmis[order(nmis)][i]) :
     no font could be found for family "Arial"
    Warning in text.default(i - 0.5, -0.3, nmis[order(nmis)][i]) :
     no font could be found for family "Arial"
    Warning in text.default(i - 0.5, nrow(R) + 0.3, colnames(r)[i], adj = adj, :
     no font could be found for family "Arial"
    Warning in text.default(i - 0.5, nrow(R) + 0.3, colnames(r)[i], adj = adj, :
     no font could be found for family "Arial"
    Warning in text.default(i - 0.5, -0.3, nmis[order(nmis)][i]) :
     no font could be found for family "Arial"
    Warning in text.default(i - 0.5, -0.3, nmis[order(nmis)][i]) :
     no font could be found for family "Arial"
    Warning in text.default(i - 0.5, -0.3, nmis[order(nmis)][i]) :
     no font could be found for family "Arial"
    Warning in text.default(i - 0.5, nrow(R) + 0.3, colnames(r)[i], adj = adj, :
     no font could be found for family "Arial"
    Warning in text.default(i - 0.5, nrow(R) + 0.3, colnames(r)[i], adj = adj, :
     no font could be found for family "Arial"
    Warning in text.default(i - 0.5, -0.3, nmis[order(nmis)][i]) :
     no font could be found for family "Arial"
    Warning in text.default(i - 0.5, -0.3, nmis[order(nmis)][i]) :
     no font could be found for family "Arial"
    Warning in text.default(i - 0.5, -0.3, nmis[order(nmis)][i]) :
     no font could be found for family "Arial"
    Warning in text.default(i - 0.5, nrow(R) + 0.3, colnames(r)[i], adj = adj, :
     no font could be found for family "Arial"
    Warning in text.default(i - 0.5, nrow(R) + 0.3, colnames(r)[i], adj = adj, :
     no font could be found for family "Arial"
    Warning in text.default(i - 0.5, -0.3, nmis[order(nmis)][i]) :
     no font could be found for family "Arial"
    Warning in text.default(i - 0.5, -0.3, nmis[order(nmis)][i]) :
     no font could be found for family "Arial"
    Warning in text.default(i - 0.5, -0.3, nmis[order(nmis)][i]) :
     no font could be found for family "Arial"
    Warning in text.default(i - 0.5, -0.3, nmis[order(nmis)][i]) :
     no font could be found for family "Arial"
    Warning in text.default(i - 0.5, nrow(R) + 0.3, colnames(r)[i], adj = adj, :
     no font could be found for family "Arial"
    Warning in text.default(i - 0.5, nrow(R) + 0.3, colnames(r)[i], adj = adj, :
     no font could be found for family "Arial"
    Warning in text.default(i - 0.5, -0.3, nmis[order(nmis)][i]) :
     no font could be found for family "Arial"
    Warning in text.default(i - 0.5, -0.3, nmis[order(nmis)][i]) :
     no font could be found for family "Arial"
    Warning in text.default(i - 0.5, -0.3, nmis[order(nmis)][i]) :
     no font could be found for family "Arial"
    Warning in text.default(i - 0.5, -0.3, nmis[order(nmis)][i]) :
     no font could be found for family "Arial"
    Warning in text.default(ncol(R) + 0.3, i - 0.5, r[(nrow(r) - 1):1, ncol(r)][i], :
     no font could be found for family "Arial"
    Warning in text.default(ncol(R) + 0.3, i - 0.5, r[(nrow(r) - 1):1, ncol(r)][i], :
     no font could be found for family "Arial"
    Warning in text.default(ncol(R) + 0.3, i - 0.5, r[(nrow(r) - 1):1, ncol(r)][i], :
     no font could be found for family "Arial"
    Warning in text.default(-0.3, i - 0.5, rownames(r)[(nrow(r) - 1):1][i], :
     no font could be found for family "Arial"
    Warning in text.default(-0.3, i - 0.5, rownames(r)[(nrow(r) - 1):1][i], :
     no font could be found for family "Arial"
    Warning in text.default(-0.3, i - 0.5, rownames(r)[(nrow(r) - 1):1][i], :
     no font could be found for family "Arial"
    Warning in text.default(-0.3, i - 0.5, rownames(r)[(nrow(r) - 1):1][i], :
     no font could be found for family "Arial"
    Warning in text.default(ncol(R) + 0.3, i - 0.5, r[(nrow(r) - 1):1, ncol(r)][i], :
     no font could be found for family "Arial"
    Warning in text.default(ncol(R) + 0.3, i - 0.5, r[(nrow(r) - 1):1, ncol(r)][i], :
     no font could be found for family "Arial"
    Warning in text.default(ncol(R) + 0.3, i - 0.5, r[(nrow(r) - 1):1, ncol(r)][i], :
     no font could be found for family "Arial"
    Warning in text.default(-0.3, i - 0.5, rownames(r)[(nrow(r) - 1):1][i], :
     no font could be found for family "Arial"
    Warning in text.default(-0.3, i - 0.5, rownames(r)[(nrow(r) - 1):1][i], :
     no font could be found for family "Arial"
    Warning in text.default(-0.3, i - 0.5, rownames(r)[(nrow(r) - 1):1][i], :
     no font could be found for family "Arial"
    Warning in text.default(-0.3, i - 0.5, rownames(r)[(nrow(r) - 1):1][i], :
     no font could be found for family "Arial"
    Warning in text.default(ncol(R) + 0.3, i - 0.5, r[(nrow(r) - 1):1, ncol(r)][i], :
     no font could be found for family "Arial"
    Warning in text.default(ncol(R) + 0.3, i - 0.5, r[(nrow(r) - 1):1, ncol(r)][i], :
     no font could be found for family "Arial"
    Warning in text.default(ncol(R) + 0.3, i - 0.5, r[(nrow(r) - 1):1, ncol(r)][i], :
     no font could be found for family "Arial"
    Warning in text.default(-0.3, i - 0.5, rownames(r)[(nrow(r) - 1):1][i], :
     no font could be found for family "Arial"
    Warning in text.default(-0.3, i - 0.5, rownames(r)[(nrow(r) - 1):1][i], :
     no font could be found for family "Arial"
    Warning in text.default(-0.3, i - 0.5, rownames(r)[(nrow(r) - 1):1][i], :
     no font could be found for family "Arial"
    Warning in text.default(-0.3, i - 0.5, rownames(r)[(nrow(r) - 1):1][i], :
     no font could be found for family "Arial"
    Warning in text.default(-0.3, i - 0.5, rownames(r)[(nrow(r) - 1):1][i], :
     no font could be found for family "Arial"
    Warning in text.default(ncol(R) + 0.3, -0.3, r[nrow(r), ncol(r)]) :
     no font could be found for family "Arial"
    Warning in text.default(ncol(R) + 0.3, -0.3, r[nrow(r), ncol(r)]) :
     no font could be found for family "Arial"
    Warning in text.default(ncol(R) + 0.3, -0.3, r[nrow(r), ncol(r)]) :
     no font could be found for family "Arial"
    Warning in text.default(ncol(R) + 0.3, -0.3, r[nrow(r), ncol(r)]) :
     no font could be found for family "Arial"
    Warning in doTryCatch(return(expr), name, parentenv, handler) :
     no font could be found for family "Arial"
    Warning in doTryCatch(return(expr), name, parentenv, handler) :
     no font could be found for family "Arial"
    Warning in doTryCatch(return(expr), name, parentenv, handler) :
     no font could be found for family "Arial"
    Warning in doTryCatch(return(expr), name, parentenv, handler) :
     no font could be found for family "Arial"
    Warning in doTryCatch(return(expr), name, parentenv, handler) :
     no font could be found for family "Arial"
    Warning in doTryCatch(return(expr), name, parentenv, handler) :
     no font could be found for family "Arial"
    Warning in doTryCatch(return(expr), name, parentenv, handler) :
     no font could be found for family "Arial"
    Warning in doTryCatch(return(expr), name, parentenv, handler) :
     no font could be found for family "Arial"
    Warning in doTryCatch(return(expr), name, parentenv, handler) :
     no font could be found for family "Arial"
    Warning in doTryCatch(return(expr), name, parentenv, handler) :
     no font could be found for family "Arial"
    Warning in doTryCatch(return(expr), name, parentenv, handler) :
     no font could be found for family "Arial"
    Warning in doTryCatch(return(expr), name, parentenv, handler) :
     no font could be found for family "Arial"
    Warning in doTryCatch(return(expr), name, parentenv, handler) :
     no font could be found for family "Arial"
    Warning in doTryCatch(return(expr), name, parentenv, handler) :
     no font could be found for family "Arial"
    Warning in doTryCatch(return(expr), name, parentenv, handler) :
     no font could be found for family "Arial"
    Warning in doTryCatch(return(expr), name, parentenv, handler) :
     no font could be found for family "Arial"
    Warning in doTryCatch(return(expr), name, parentenv, handler) :
     no font could be found for family "Arial"
    Warning in doTryCatch(return(expr), name, parentenv, handler) :
     no font could be found for family "Arial"
    Warning in doTryCatch(return(expr), name, parentenv, handler) :
     no font could be found for family "Arial"
    Warning in doTryCatch(return(expr), name, parentenv, handler) :
     no font could be found for family "Arial"
    Warning in doTryCatch(return(expr), name, parentenv, handler) :
     no font could be found for family "Arial"
    Warning in doTryCatch(return(expr), name, parentenv, handler) :
     no font could be found for family "Arial"
    Warning in doTryCatch(return(expr), name, parentenv, handler) :
     no font could be found for family "Arial"
    Warning in doTryCatch(return(expr), name, parentenv, handler) :
     no font could be found for family "Arial"
    Warning in doTryCatch(return(expr), name, parentenv, handler) :
     no font could be found for family "Arial"
    Warning in doTryCatch(return(expr), name, parentenv, handler) :
     no font could be found for family "Arial"
    Warning in doTryCatch(return(expr), name, parentenv, handler) :
     no font could be found for family "Arial"
    Warning in doTryCatch(return(expr), name, parentenv, handler) :
     no font could be found for family "Arial"
    Warning in doTryCatch(return(expr), name, parentenv, handler) :
     no font could be found for family "Arial"
    Warning in doTryCatch(return(expr), name, parentenv, handler) :
     no font could be found for family "Arial"
    Warning in doTryCatch(return(expr), name, parentenv, handler) :
     no font could be found for family "Arial"
    Warning in doTryCatch(return(expr), name, parentenv, handler) :
     no font could be found for family "Arial"
    Warning in doTryCatch(return(expr), name, parentenv, handler) :
     no font could be found for family "Arial"
    Warning in doTryCatch(return(expr), name, parentenv, handler) :
     no font could be found for family "Arial"
    Warning in doTryCatch(return(expr), name, parentenv, handler) :
     no font could be found for family "Arial"
    Warning in doTryCatch(return(expr), name, parentenv, handler) :
     no font could be found for family "Arial"
    Warning in doTryCatch(return(expr), name, parentenv, handler) :
     no font could be found for family "Arial"
    Warning in doTryCatch(return(expr), name, parentenv, handler) :
     no font could be found for family "Arial"
    Warning in doTryCatch(return(expr), name, parentenv, handler) :
     no font could be found for family "Arial"
    Warning in doTryCatch(return(expr), name, parentenv, handler) :
     no font could be found for family "Arial"
    Warning in doTryCatch(return(expr), name, parentenv, handler) :
     no font could be found for family "Arial"
    Warning in doTryCatch(return(expr), name, parentenv, handler) :
     no font could be found for family "Arial"
    Warning in doTryCatch(return(expr), name, parentenv, handler) :
     no font could be found for family "Arial"
    Warning in doTryCatch(return(expr), name, parentenv, handler) :
     no font could be found for family "Arial"
    Warning in doTryCatch(return(expr), name, parentenv, handler) :
     no font could be found for family "Arial"
    Warning in doTryCatch(return(expr), name, parentenv, handler) :
     no font could be found for family "Arial"
    Warning in doTryCatch(return(expr), name, parentenv, handler) :
     no font could be found for family "Arial"
    Warning in doTryCatch(return(expr), name, parentenv, handler) :
     no font could be found for family "Arial"
    Warning in doTryCatch(return(expr), name, parentenv, handler) :
     no font could be found for family "Arial"
    Warning in doTryCatch(return(expr), name, parentenv, handler) :
     no font could be found for family "Arial"
    Warning in doTryCatch(return(expr), name, parentenv, handler) :
     no font could be found for family "Arial"
    Warning in doTryCatch(return(expr), name, parentenv, handler) :
     no font could be found for family "Arial"
    Warning in doTryCatch(return(expr), name, parentenv, handler) :
     no font could be found for family "Arial"
    Warning in doTryCatch(return(expr), name, parentenv, handler) :
     no font could be found for family "Arial"
    --- finished re-building ‘finalfit.Rmd’
    
    --- re-building ‘missing.Rmd’ using rmarkdown
    Warning in engine$weave(file, quiet = quiet, encoding = enc) :
     Pandoc (>= 1.12.3) not available. Falling back to R Markdown v1.
    Warning in doTryCatch(return(expr), name, parentenv, handler) :
     no font could be found for family "Arial"
    Warning in doTryCatch(return(expr), name, parentenv, handler) :
     no font could be found for family "Arial"
    Warning in doTryCatch(return(expr), name, parentenv, handler) :
     no font could be found for family "Arial"
    Warning in doTryCatch(return(expr), name, parentenv, handler) :
     no font could be found for family "Arial"
    Warning in doTryCatch(return(expr), name, parentenv, handler) :
     no font could be found for family "Arial"
    Warning in doTryCatch(return(expr), name, parentenv, handler) :
     no font could be found for family "Arial"
    Warning in doTryCatch(return(expr), name, parentenv, handler) :
     no font could be found for family "Arial"
    Warning in doTryCatch(return(expr), name, parentenv, handler) :
     no font could be found for family "Arial"
    Warning in doTryCatch(return(expr), name, parentenv, handler) :
     no font could be found for family "Arial"
    Warning in doTryCatch(return(expr), name, parentenv, handler) :
     no font could be found for family "Arial"
    Warning in doTryCatch(return(expr), name, parentenv, handler) :
     no font could be found for family "Arial"
    Warning in doTryCatch(return(expr), name, parentenv, handler) :
     no font could be found for family "Arial"
    Warning in doTryCatch(return(expr), name, parentenv, handler) :
     no font could be found for family "Arial"
    Warning in doTryCatch(return(expr), name, parentenv, handler) :
     no font could be found for family "Arial"
    Warning in doTryCatch(return(expr), name, parentenv, handler) :
     no font could be found for family "Arial"
    Warning in doTryCatch(return(expr), name, parentenv, handler) :
     no font could be found for family "Arial"
    Warning in doTryCatch(return(expr), name, parentenv, handler) :
     no font could be found for family "Arial"
    Warning in doTryCatch(return(expr), name, parentenv, handler) :
     no font could be found for family "Arial"
    Warning in doTryCatch(return(expr), name, parentenv, handler) :
     no font could be found for family "Arial"
    Warning in doTryCatch(return(expr), name, parentenv, handler) :
     no font could be found for family "Arial"
    Warning in doTryCatch(return(expr), name, parentenv, handler) :
     no font could be found for family "Arial"
    Warning in doTryCatch(return(expr), name, parentenv, handler) :
     no font could be found for family "Arial"
    Warning in doTryCatch(return(expr), name, parentenv, handler) :
     no font could be found for family "Arial"
    Warning in doTryCatch(return(expr), name, parentenv, handler) :
     no font could be found for family "Arial"
    Warning in doTryCatch(return(expr), name, parentenv, handler) :
     no font could be found for family "Arial"
    Warning in doTryCatch(return(expr), name, parentenv, handler) :
     no font could be found for family "Arial"
    Warning in doTryCatch(return(expr), name, parentenv, handler) :
     no font could be found for family "Arial"
    Warning in doTryCatch(return(expr), name, parentenv, handler) :
     no font could be found for family "Arial"
    Warning in doTryCatch(return(expr), name, parentenv, handler) :
     no font could be found for family "Arial"
    Warning in doTryCatch(return(expr), name, parentenv, handler) :
     no font could be found for family "Arial"
    Warning in doTryCatch(return(expr), name, parentenv, handler) :
     no font could be found for family "Arial"
    Warning in doTryCatch(return(expr), name, parentenv, handler) :
     no font could be found for family "Arial"
    Warning in doTryCatch(return(expr), name, parentenv, handler) :
     no font could be found for family "Arial"
    Warning in doTryCatch(return(expr), name, parentenv, handler) :
     no font could be found for family "Arial"
    Warning in doTryCatch(return(expr), name, parentenv, handler) :
     no font could be found for family "Arial"
    Warning in doTryCatch(return(expr), name, parentenv, handler) :
     no font could be found for family "Arial"
    Warning in doTryCatch(return(expr), name, parentenv, handler) :
     no font could be found for family "Arial"
    Warning in doTryCatch(return(expr), name, parentenv, handler) :
     no font could be found for family "Arial"
    Warning in doTryCatch(return(expr), name, parentenv, handler) :
     no font could be found for family "Arial"
    Warning in doTryCatch(return(expr), name, parentenv, handler) :
     no font could be found for family "Arial"
    Warning in doTryCatch(return(expr), name, parentenv, handler) :
     no font could be found for family "Arial"
    Warning in doTryCatch(return(expr), name, parentenv, handler) :
     no font could be found for family "Arial"
    Warning in doTryCatch(return(expr), name, parentenv, handler) :
     no font could be found for family "Arial"
    Warning in doTryCatch(return(expr), name, parentenv, handler) :
     no font could be found for family "Arial"
    Warning in doTryCatch(return(expr), name, parentenv, handler) :
     no font could be found for family "Arial"
    Warning in doTryCatch(return(expr), name, parentenv, handler) :
     no font could be found for family "Arial"
    Warning in doTryCatch(return(expr), name, parentenv, handler) :
     no font could be found for family "Arial"
    Warning in doTryCatch(return(expr), name, parentenv, handler) :
     no font could be found for family "Arial"
    Warning in doTryCatch(return(expr), name, parentenv, handler) :
     no font could be found for family "Arial"
    Warning in doTryCatch(return(expr), name, parentenv, handler) :
     no font could be found for family "Arial"
    Warning in doTryCatch(return(expr), name, parentenv, handler) :
     no font could be found for family "Arial"
    Warning in doTryCatch(return(expr), name, parentenv, handler) :
     no font could be found for family "Arial"
    Warning in doTryCatch(return(expr), name, parentenv, handler) :
     no font could be found for family "Arial"
    Warning in doTryCatch(return(expr), name, parentenv, handler) :
     no font could be found for family "Arial"
    Warning in doTryCatch(return(expr), name, parentenv, handler) :
     no font could be found for family "Arial"
    Warning in doTryCatch(return(expr), name, parentenv, handler) :
     no font could be found for family "Arial"
    Warning in doTryCatch(return(expr), name, parentenv, handler) :
     no font could be found for family "Arial"
    Warning in doTryCatch(return(expr), name, parentenv, handler) :
     no font could be found for family "Arial"
    Warning in doTryCatch(return(expr), name, parentenv, handler) :
     no font could be found for family "Arial"
    Warning in doTryCatch(return(expr), name, parentenv, handler) :
     no font could be found for family "Arial"
    Warning in doTryCatch(return(expr), name, parentenv, handler) :
     no font could be found for family "Arial"
    Warning in doTryCatch(return(expr), name, parentenv, handler) :
     no font could be found for family "Arial"
    Warning in doTryCatch(return(expr), name, parentenv, handler) :
     no font could be found for family "Arial"
    Warning in doTryCatch(return(expr), name, parentenv, handler) :
     no font could be found for family "Arial"
    Warning in doTryCatch(return(expr), name, parentenv, handler) :
     no font could be found for family "Arial"
    Warning in doTryCatch(return(expr), name, parentenv, handler) :
     no font could be found for family "Arial"
    Warning in doTryCatch(return(expr), name, parentenv, handler) :
     no font could be found for family "Arial"
    Warning in doTryCatch(return(expr), name, parentenv, handler) :
     no font could be found for family "Arial"
    Warning in doTryCatch(return(expr), name, parentenv, handler) :
     no font could be found for family "Arial"
    Warning in doTryCatch(return(expr), name, parentenv, handler) :
     no font could be found for family "Arial"
    Warning in doTryCatch(return(expr), name, parentenv, handler) :
     no font could be found for family "Arial"
    Warning in doTryCatch(return(expr), name, parentenv, handler) :
     no font could be found for family "Arial"
    Warning in doTryCatch(return(expr), name, parentenv, handler) :
     no font could be found for family "Arial"
    Warning in doTryCatch(return(expr), name, parentenv, handler) :
     no font could be found for family "Arial"
    Warning in doTryCatch(return(expr), name, parentenv, handler) :
     no font could be found for family "Arial"
    Warning in doTryCatch(return(expr), name, parentenv, handler) :
     no font could be found for family "Arial"
    Warning in doTryCatch(return(expr), name, parentenv, handler) :
     no font could be found for family "Arial"
    Warning in doTryCatch(return(expr), name, parentenv, handler) :
     no font could be found for family "Arial"
    Warning in doTryCatch(return(expr), name, parentenv, handler) :
     no font could be found for family "Arial"
    Warning in doTryCatch(return(expr), name, parentenv, handler) :
     no font could be found for family "Arial"
    Warning in doTryCatch(return(expr), name, parentenv, handler) :
     no font could be found for family "Arial"
    Warning in doTryCatch(return(expr), name, parentenv, handler) :
     no font could be found for family "Arial"
    Warning in doTryCatch(return(expr), name, parentenv, handler) :
     no font could be found for family "Arial"
    Warning in doTryCatch(return(expr), name, parentenv, handler) :
     no font could be found for family "Arial"
    Warning in doTryCatch(return(expr), name, parentenv, handler) :
     no font could be found for family "Arial"
    Warning in doTryCatch(return(expr), name, parentenv, handler) :
     no font could be found for family "Arial"
    Warning in doTryCatch(return(expr), name, parentenv, handler) :
     no font could be found for family "Arial"
    Warning in doTryCatch(return(expr), name, parentenv, handler) :
     no font could be found for family "Arial"
    Warning in doTryCatch(return(expr), name, parentenv, handler) :
     no font could be found for family "Arial"
    Warning in doTryCatch(return(expr), name, parentenv, handler) :
     no font could be found for family "Arial"
    Warning in doTryCatch(return(expr), name, parentenv, handler) :
     no font could be found for family "Arial"
    Warning in doTryCatch(return(expr), name, parentenv, handler) :
     no font could be found for family "Arial"
    Warning in doTryCatch(return(expr), name, parentenv, handler) :
     no font could be found for family "Arial"
    Warning in doTryCatch(return(expr), name, parentenv, handler) :
     no font could be found for family "Arial"
    Warning in doTryCatch(return(expr), name, parentenv, handler) :
     no font could be found for family "Arial"
    Warning in doTryCatch(return(expr), name, parentenv, handler) :
     no font could be found for family "Arial"
    Warning in doTryCatch(return(expr), name, parentenv, handler) :
     no font could be found for family "Arial"
    Warning in doTryCatch(return(expr), name, parentenv, handler) :
     no font could be found for family "Arial"
    Warning in doTryCatch(return(expr), name, parentenv, handler) :
     no font could be found for family "Arial"
    Warning in doTryCatch(return(expr), name, parentenv, handler) :
     no font could be found for family "Arial"
    Warning in doTryCatch(return(expr), name, parentenv, handler) :
     no font could be found for family "Arial"
    Warning in doTryCatch(return(expr), name, parentenv, handler) :
     no font could be found for family "Arial"
    Warning in doTryCatch(return(expr), name, parentenv, handler) :
     no font could be found for family "Arial"
    Warning in doTryCatch(return(expr), name, parentenv, handler) :
     no font could be found for family "Arial"
    Warning in doTryCatch(return(expr), name, parentenv, handler) :
     no font could be found for family "Arial"
    Warning in doTryCatch(return(expr), name, parentenv, handler) :
     no font could be found for family "Arial"
    Warning in doTryCatch(return(expr), name, parentenv, handler) :
     no font could be found for family "Arial"
    Warning in doTryCatch(return(expr), name, parentenv, handler) :
     no font could be found for family "Arial"
    Warning in doTryCatch(return(expr), name, parentenv, handler) :
     no font could be found for family "Arial"
    Warning in doTryCatch(return(expr), name, parentenv, handler) :
     no font could be found for family "Arial"
    Warning in doTryCatch(return(expr), name, parentenv, handler) :
     no font could be found for family "Arial"
    Warning in doTryCatch(return(expr), name, parentenv, handler) :
     no font could be found for family "Arial"
    Warning in doTryCatch(return(expr), name, parentenv, handler) :
     no font could be found for family "Arial"
    Warning in doTryCatch(return(expr), name, parentenv, handler) :
     no font could be found for family "Arial"
    Warning in doTryCatch(return(expr), name, parentenv, handler) :
     no font could be found for family "Arial"
    
    Attaching package: 'dplyr'
    
    The following objects are masked from 'package:stats':
    
     filter, lag
    
    The following objects are masked from 'package:base':
    
     intersect, setdiff, setequal, union
    
    
    Attaching package: 'mice'
    
    The following object is masked from 'package:stats':
    
     filter
    
    The following objects are masked from 'package:base':
    
     cbind, rbind
    
    Note: Using an external vector in selections is ambiguous.
    ℹ Use `all_of(dependent)` instead of `dependent` to silence this message.
    ℹ See <https://tidyselect.r-lib.org/reference/faq-external-vector.html>.
    This message is displayed once per session.
    Note: Using an external vector in selections is ambiguous.
    ℹ Use `all_of(explanatory)` instead of `explanatory` to silence this message.
    ℹ See <https://tidyselect.r-lib.org/reference/faq-external-vector.html>.
    This message is displayed once per session.
    Setting levels: control = 0, case = 1
    Setting direction: controls < cases
    Setting levels: control = 0, case = 1
    Setting direction: controls < cases
    Setting levels: control = 0, case = 1
    Setting direction: controls < cases
    Setting levels: control = 0, case = 1
    Setting direction: controls < cases
    Note: dependent includes missing data. These are dropped.
    Warning in grid.Call(C_stringMetric, as.graphicsAnnot(x$label)) :
     no font could be found for family "Arial"
    Warning in grid.Call(C_stringMetric, as.graphicsAnnot(x$label)) :
     no font could be found for family "Arial"
    Warning in grid.Call(C_stringMetric, as.graphicsAnnot(x$label)) :
     no font could be found for family "Arial"
    Warning in grid.Call(C_stringMetric, as.graphicsAnnot(x$label)) :
     no font could be found for family "Arial"
    Warning in grid.Call(C_stringMetric, as.graphicsAnnot(x$label)) :
     no font could be found for family "Arial"
    Warning in grid.Call(C_stringMetric, as.graphicsAnnot(x$label)) :
     no font could be found for family "Arial"
    Warning in grid.Call(C_stringMetric, as.graphicsAnnot(x$label)) :
     no font could be found for family "Arial"
    Warning in grid.Call(C_stringMetric, as.graphicsAnnot(x$label)) :
     no font could be found for family "Arial"
    Warning in grid.Call(C_stringMetric, as.graphicsAnnot(x$label)) :
     no font could be found for family "Arial"
    Warning in grid.Call(C_stringMetric, as.graphicsAnnot(x$label)) :
     no font could be found for family "Arial"
    Warning in grid.Call(C_stringMetric, as.graphicsAnnot(x$label)) :
     no font could be found for family "Arial"
    Warning in grid.Call(C_stringMetric, as.graphicsAnnot(x$label)) :
     no font could be found for family "Arial"
    Warning in grid.Call(C_stringMetric, as.graphicsAnnot(x$label)) :
     no font could be found for family "Arial"
    Warning in grid.Call(C_stringMetric, as.graphicsAnnot(x$label)) :
     no font could be found for family "Arial"
    Warning in grid.Call(C_stringMetric, as.graphicsAnnot(x$label)) :
     no font could be found for family "Arial"
    Warning in grid.Call(C_stringMetric, as.graphicsAnnot(x$label)) :
     no font could be found for family "Arial"
    Warning in grid.Call(C_stringMetric, as.graphicsAnnot(x$label)) :
     no font could be found for family "Arial"
    Warning in grid.Call(C_stringMetric, as.graphicsAnnot(x$label)) :
     no font could be found for family "Arial"
    Warning in grid.Call(C_stringMetric, as.graphicsAnnot(x$label)) :
     no font could be found for family "Arial"
    Warning in grid.Call(C_stringMetric, as.graphicsAnnot(x$label)) :
     no font could be found for family "Arial"
    Warning in grid.Call(C_stringMetric, as.graphicsAnnot(x$label)) :
     no font could be found for family "Arial"
    Warning in grid.Call(C_stringMetric, as.graphicsAnnot(x$label)) :
     no font could be found for family "Arial"
    Warning in grid.Call(C_stringMetric, as.graphicsAnnot(x$label)) :
     no font could be found for family "Arial"
    Warning in grid.Call(C_stringMetric, as.graphicsAnnot(x$label)) :
     no font could be found for family "Arial"
    Warning in grid.Call(C_stringMetric, as.graphicsAnnot(x$label)) :
     no font could be found for family "Arial"
    Warning in grid.Call(C_stringMetric, as.graphicsAnnot(x$label)) :
     no font could be found for family "Arial"
    Warning in grid.Call(C_stringMetric, as.graphicsAnnot(x$label)) :
     no font could be found for family "Arial"
    Warning in grid.Call(C_stringMetric, as.graphicsAnnot(x$label)) :
     no font could be found for family "Arial"
    Warning: Removed 3 rows containing missing values (geom_errorbarh).
    Warning in grid.Call(C_textBounds, as.graphicsAnnot(x$label), x$x, x$y, :
     no font could be found for family "Arial"
    Warning in grid.Call(C_textBounds, as.graphicsAnnot(x$label), x$x, x$y, :
     no font could be found for family "Arial"
    Quitting from lines 324-400 (missing.Rmd)
    Error: processing vignette 'missing.Rmd' failed with diagnostics:
    polygon edge not found
    --- failed re-building ‘missing.Rmd’
    
    --- re-building ‘survival.Rmd’ using rmarkdown
    Warning in engine$weave(file, quiet = quiet, encoding = enc) :
     Pandoc (>= 1.12.3) not available. Falling back to R Markdown v1.
    Quitting from lines 153-158 (survival.Rmd)
    Error: processing vignette 'survival.Rmd' failed with diagnostics:
    polygon edge not found
    --- failed re-building ‘survival.Rmd’
    
    SUMMARY: processing the following files failed:
     ‘missing.Rmd’ ‘survival.Rmd’
    
    Error: Vignette re-building failed.
    Execution halted
Flavor: r-release-macos-arm64