CRAN Package Check Results for Package filehash

Last updated on 2021-09-24 16:50:02 CEST.

Flavor Version Tinstall Tcheck Ttotal Status Flags
r-devel-linux-x86_64-debian-clang 2.4-2 5.95 37.36 43.31 NOTE
r-devel-linux-x86_64-debian-gcc 2.4-2 4.70 30.09 34.79 NOTE
r-devel-linux-x86_64-fedora-clang 2.4-2 62.03 NOTE
r-devel-linux-x86_64-fedora-gcc 2.4-2 51.22 NOTE
r-devel-windows-x86_64 2.4-2 10.00 45.00 55.00 OK
r-devel-windows-x86_64-gcc10-UCRT 2.4-2 OK
r-patched-linux-x86_64 2.4-2 5.42 36.66 42.08 NOTE
r-patched-solaris-x86 2.4-2 77.50 NOTE
r-release-linux-x86_64 2.4-2 5.51 36.84 42.35 NOTE
r-release-macos-arm64 2.4-2 OK
r-release-macos-x86_64 2.4-2 OK
r-release-windows-ix86+x86_64 2.4-2 17.00 54.00 71.00 OK
r-oldrel-macos-x86_64 2.4-2 OK
r-oldrel-windows-ix86+x86_64 2.4-2 26.00 53.00 79.00 OK

Check Details

Version: 2.4-2
Check: for non-standard things in the check directory
Result: NOTE
    Found the following files/directories:
     'dataframe.dump' 'list.dump' 'myDB'
Flavors: r-devel-linux-x86_64-debian-clang, r-devel-linux-x86_64-debian-gcc, r-devel-linux-x86_64-fedora-clang, r-devel-linux-x86_64-fedora-gcc, r-patched-linux-x86_64, r-patched-solaris-x86, r-release-linux-x86_64