CRAN Package Check Results for Package fhircrackr

Last updated on 2022-07-06 05:54:01 CEST.

Flavor Version Tinstall Tcheck Ttotal Status Flags
r-devel-linux-x86_64-debian-clang 1.0.1 7.82 61.02 68.84 OK
r-devel-linux-x86_64-debian-gcc 1.0.1 5.98 46.30 52.28 OK
r-devel-linux-x86_64-fedora-clang 1.0.1 93.01 NOTE
r-devel-linux-x86_64-fedora-gcc 1.0.1 90.62 NOTE
r-devel-windows-x86_64 1.0.1 104.00 95.00 199.00 OK
r-patched-linux-x86_64 1.0.1 7.63 58.18 65.81 OK
r-release-linux-x86_64 1.0.1 8.02 57.84 65.86 OK
r-release-macos-arm64 1.0.1 30.00 NOTE
r-release-macos-x86_64 1.0.1 51.00 NOTE
r-release-windows-x86_64 1.0.1 80.00 99.00 179.00 OK
r-oldrel-macos-arm64 1.0.1 34.00 NOTE
r-oldrel-macos-x86_64 1.0.1 44.00 NOTE
r-oldrel-windows-ix86+x86_64 1.0.1 17.00 84.00 101.00 OK

Check Details

Version: 1.0.1
Check: dependencies in R code
Result: NOTE
    Namespace in Imports field not imported from: ‘plyr’
     All declared Imports should be used.
Flavors: r-devel-linux-x86_64-fedora-clang, r-devel-linux-x86_64-fedora-gcc, r-release-macos-arm64, r-release-macos-x86_64, r-oldrel-macos-arm64, r-oldrel-macos-x86_64