Last updated on 2022-07-04 05:50:05 CEST.
Flavor | Version | Tinstall | Tcheck | Ttotal | Status | Flags |
---|---|---|---|---|---|---|
r-devel-linux-x86_64-debian-clang | 0.2.0 | 4.87 | 34.70 | 39.57 | OK | |
r-devel-linux-x86_64-debian-gcc | 0.2.0 | 3.55 | 26.95 | 30.50 | OK | |
r-devel-linux-x86_64-fedora-clang | 0.2.0 | 57.57 | NOTE | |||
r-devel-linux-x86_64-fedora-gcc | 0.2.0 | 57.47 | NOTE | |||
r-devel-windows-x86_64 | 0.2.0 | 46.00 | 63.00 | 109.00 | OK | |
r-patched-linux-x86_64 | 0.2.0 | 5.36 | 33.42 | 38.78 | OK | |
r-release-linux-x86_64 | 0.2.0 | 3.92 | 33.93 | 37.85 | OK | |
r-release-macos-arm64 | 0.2.0 | 20.00 | NOTE | |||
r-release-macos-x86_64 | 0.2.0 | 34.00 | NOTE | |||
r-release-windows-x86_64 | 0.2.0 | 34.00 | 63.00 | 97.00 | OK | |
r-oldrel-macos-arm64 | 0.2.0 | 19.00 | NOTE | |||
r-oldrel-macos-x86_64 | 0.2.0 | 28.00 | NOTE | |||
r-oldrel-windows-ix86+x86_64 | 0.2.0 | 10.00 | 51.00 | 61.00 | OK |
Version: 0.2.0
Check: dependencies in R code
Result: NOTE
Namespace in Imports field not imported from: ‘methods’
All declared Imports should be used.
Flavors: r-devel-linux-x86_64-fedora-clang, r-devel-linux-x86_64-fedora-gcc, r-release-macos-arm64, r-release-macos-x86_64, r-oldrel-macos-arm64, r-oldrel-macos-x86_64
Version: 0.2.0
Check: data for non-ASCII characters
Result: NOTE
Note: found 43825 marked UTF-8 strings
Flavors: r-devel-linux-x86_64-fedora-clang, r-devel-linux-x86_64-fedora-gcc, r-release-macos-arm64, r-release-macos-x86_64, r-oldrel-macos-arm64, r-oldrel-macos-x86_64