CRAN Package Check Results for Package fdq

Last updated on 2021-09-20 16:50:29 CEST.

Flavor Version Tinstall Tcheck Ttotal Status Flags
r-devel-linux-x86_64-debian-clang 0.12 6.98 65.74 72.72 NOTE
r-devel-linux-x86_64-debian-gcc 0.12 5.80 50.20 56.00 NOTE
r-devel-linux-x86_64-fedora-clang 0.12 94.73 NOTE
r-devel-linux-x86_64-fedora-gcc 0.12 84.10 NOTE
r-devel-windows-x86_64 0.12 7.00 58.00 65.00 NOTE
r-devel-windows-x86_64-gcc10-UCRT 0.12 ERROR
r-patched-linux-x86_64 0.12 7.63 63.69 71.32 NOTE
r-patched-solaris-x86 0.12 139.00 NOTE
r-release-linux-x86_64 0.12 6.91 61.70 68.61 NOTE
r-release-macos-arm64 0.12 NOTE
r-release-macos-x86_64 0.12 NOTE
r-release-windows-ix86+x86_64 0.12 17.00 60.00 77.00 NOTE
r-oldrel-macos-x86_64 0.12 NOTE
r-oldrel-windows-ix86+x86_64 0.12 17.00 61.00 78.00 OK

Check Details

Version: 0.12
Check: LazyData
Result: NOTE
     'LazyData' is specified without a 'data' directory
Flavors: r-devel-linux-x86_64-debian-clang, r-devel-linux-x86_64-debian-gcc, r-devel-linux-x86_64-fedora-clang, r-devel-linux-x86_64-fedora-gcc, r-devel-windows-x86_64, r-devel-windows-x86_64-gcc10-UCRT, r-patched-linux-x86_64, r-patched-solaris-x86, r-release-linux-x86_64, r-release-macos-arm64, r-release-macos-x86_64, r-release-windows-ix86+x86_64

Version: 0.12
Check: dependencies in R code
Result: NOTE
    Namespaces in Imports field not imported from:
     ‘data.table’ ‘ggplot2’ ‘randomcoloR’ ‘sqldf’
     All declared Imports should be used.
Flavors: r-devel-linux-x86_64-fedora-clang, r-devel-linux-x86_64-fedora-gcc, r-devel-windows-x86_64-gcc10-UCRT, r-patched-solaris-x86, r-release-macos-arm64, r-release-macos-x86_64, r-oldrel-macos-x86_64

Version: 0.12
Check: whether package can be installed
Result: WARN
    Found the following significant warnings:
     WARNING: installation-time patches will not be applied, could not get the patches index
Flavor: r-devel-windows-x86_64-gcc10-UCRT

Version: 0.12
Check: PDF version of manual
Result: WARN
    LaTeX errors when creating PDF version.
    This typically indicates Rd problems.
Flavor: r-devel-windows-x86_64-gcc10-UCRT

Version: 0.12
Check: PDF version of manual without hyperrefs or index
Result: ERROR
    Re-running with no redirection of stdout/stderr.
Flavor: r-devel-windows-x86_64-gcc10-UCRT