CRAN Package Check Results for Package fastrmodels

Last updated on 2021-09-21 16:51:20 CEST.

Flavor Version Tinstall Tcheck Ttotal Status Flags
r-devel-linux-x86_64-debian-clang 1.0.2 55.55 77.58 133.13 OK
r-devel-linux-x86_64-debian-gcc 1.0.2 45.85 60.01 105.86 OK
r-devel-linux-x86_64-fedora-clang 1.0.2 168.66 NOTE
r-devel-linux-x86_64-fedora-gcc 1.0.2 156.58 OK
r-devel-windows-x86_64 1.0.2 55.00 74.00 129.00 NOTE
r-devel-windows-x86_64-gcc10-UCRT 1.0.2 ERROR
r-patched-linux-x86_64 1.0.2 50.01 72.37 122.38 OK
r-patched-solaris-x86 1.0.2 267.50 NOTE
r-release-linux-x86_64 1.0.2 46.59 74.19 120.78 OK
r-release-macos-arm64 1.0.2 NOTE
r-release-macos-x86_64 1.0.2 NOTE
r-release-windows-ix86+x86_64 1.0.2 75.00 76.00 151.00 NOTE
r-oldrel-macos-x86_64 1.0.2 NOTE
r-oldrel-windows-ix86+x86_64 1.0.2 73.00 70.00 143.00 NOTE

Check Details

Version: 1.0.2
Check: installed package size
Result: NOTE
     installed size is 15.8Mb
     sub-directories of 1Mb or more:
     data 15.7Mb
Flavors: r-devel-linux-x86_64-fedora-clang, r-devel-windows-x86_64, r-patched-solaris-x86, r-release-macos-arm64, r-release-macos-x86_64, r-release-windows-ix86+x86_64, r-oldrel-macos-x86_64, r-oldrel-windows-ix86+x86_64

Version: 1.0.2
Check: whether package can be installed
Result: WARN
    Found the following significant warnings:
     WARNING: installation-time patches will not be applied, could not get the patches index
Flavor: r-devel-windows-x86_64-gcc10-UCRT

Version: 1.0.2
Check: PDF version of manual
Result: WARN
    LaTeX errors when creating PDF version.
    This typically indicates Rd problems.
Flavor: r-devel-windows-x86_64-gcc10-UCRT

Version: 1.0.2
Check: PDF version of manual without hyperrefs or index
Result: ERROR
    Re-running with no redirection of stdout/stderr.
Flavor: r-devel-windows-x86_64-gcc10-UCRT