Last updated on 2022-07-02 05:50:57 CEST.
Flavor | Version | Tinstall | Tcheck | Ttotal | Status | Flags |
---|---|---|---|---|---|---|
r-devel-linux-x86_64-debian-clang | 0.1.2 | 6.91 | 100.49 | 107.40 | NOTE | |
r-devel-linux-x86_64-debian-gcc | 0.1.2 | 4.98 | 74.18 | 79.16 | NOTE | |
r-devel-linux-x86_64-fedora-clang | 0.1.2 | 128.02 | NOTE | |||
r-devel-linux-x86_64-fedora-gcc | 0.1.2 | 129.86 | NOTE | |||
r-devel-windows-x86_64 | 0.1.2 | 19.00 | 140.00 | 159.00 | NOTE | |
r-patched-linux-x86_64 | 0.1.2 | 5.24 | 92.01 | 97.25 | NOTE | |
r-release-linux-x86_64 | 0.1.2 | 7.69 | 91.53 | 99.22 | NOTE | |
r-release-macos-arm64 | 0.1.2 | 41.00 | NOTE | |||
r-release-macos-x86_64 | 0.1.2 | 71.00 | NOTE | |||
r-release-windows-x86_64 | 0.1.2 | 28.00 | 143.00 | 171.00 | NOTE | |
r-oldrel-macos-arm64 | 0.1.2 | 46.00 | NOTE | |||
r-oldrel-macos-x86_64 | 0.1.2 | 53.00 | NOTE | |||
r-oldrel-windows-ix86+x86_64 | 0.1.2 | 18.00 | 121.00 | 139.00 | NOTE |
Version: 0.1.2
Check: LazyData
Result: NOTE
'LazyData' is specified without a 'data' directory
Flavors: r-devel-linux-x86_64-debian-clang, r-devel-linux-x86_64-debian-gcc, r-devel-linux-x86_64-fedora-clang, r-devel-linux-x86_64-fedora-gcc, r-devel-windows-x86_64, r-patched-linux-x86_64, r-release-linux-x86_64, r-release-macos-arm64, r-release-macos-x86_64, r-release-windows-x86_64, r-oldrel-macos-arm64, r-oldrel-macos-x86_64, r-oldrel-windows-ix86+x86_64