CRAN Package Check Results for Package fastnet

Last updated on 2022-07-04 05:50:05 CEST.

Flavor Version Tinstall Tcheck Ttotal Status Flags
r-devel-linux-x86_64-debian-clang 1.0.0 5.13 38.41 43.54 NOTE
r-devel-linux-x86_64-debian-gcc 1.0.0 4.00 30.09 34.09 NOTE
r-devel-linux-x86_64-fedora-clang 1.0.0 62.98 NOTE
r-devel-linux-x86_64-fedora-gcc 1.0.0 63.21 NOTE
r-devel-windows-x86_64 1.0.0 21.00 75.00 96.00 NOTE
r-patched-linux-x86_64 1.0.0 5.34 37.68 43.02 NOTE
r-release-linux-x86_64 1.0.0 5.02 38.12 43.14 NOTE
r-release-macos-arm64 1.0.0 22.00 NOTE
r-release-macos-x86_64 1.0.0 40.00 NOTE
r-release-windows-x86_64 1.0.0 28.00 66.00 94.00 NOTE
r-oldrel-macos-arm64 1.0.0 27.00 NOTE
r-oldrel-macos-x86_64 1.0.0 40.00 NOTE
r-oldrel-windows-ix86+x86_64 1.0.0 10.00 58.00 68.00 NOTE

Check Details

Version: 1.0.0
Check: LazyData
Result: NOTE
     'LazyData' is specified without a 'data' directory
Flavors: r-devel-linux-x86_64-debian-clang, r-devel-linux-x86_64-debian-gcc, r-devel-linux-x86_64-fedora-clang, r-devel-linux-x86_64-fedora-gcc, r-devel-windows-x86_64, r-patched-linux-x86_64, r-release-linux-x86_64, r-release-macos-arm64, r-release-macos-x86_64, r-release-windows-x86_64, r-oldrel-macos-arm64, r-oldrel-macos-x86_64, r-oldrel-windows-ix86+x86_64