CRAN Package Check Results for Package fastdigest

Last updated on 2021-09-21 16:51:20 CEST.

Flavor Version Tinstall Tcheck Ttotal Status Flags
r-devel-linux-x86_64-debian-clang 0.6-3 2.85 21.44 24.29 OK
r-devel-linux-x86_64-debian-gcc 0.6-3 2.04 16.81 18.85 OK
r-devel-linux-x86_64-fedora-clang 0.6-3 39.03 NOTE
r-devel-linux-x86_64-fedora-gcc 0.6-3 28.35 NOTE
r-devel-windows-x86_64 0.6-3 5.00 31.00 36.00 OK
r-devel-windows-x86_64-gcc10-UCRT 0.6-3 ERROR
r-patched-linux-x86_64 0.6-3 2.57 20.48 23.05 OK
r-patched-solaris-x86 0.6-3 51.20 OK
r-release-linux-x86_64 0.6-3 2.51 20.72 23.23 OK
r-release-macos-arm64 0.6-3 OK
r-release-macos-x86_64 0.6-3 OK
r-release-windows-ix86+x86_64 0.6-3 9.00 33.00 42.00 OK
r-oldrel-macos-x86_64 0.6-3 OK
r-oldrel-windows-ix86+x86_64 0.6-3 8.00 41.00 49.00 OK

Check Details

Version: 0.6-3
Check: compiled code
Result: NOTE
    File ‘fastdigest/libs/fastdigest.so’:
     Found no call to: ‘R_useDynamicSymbols’
    
    It is good practice to register native routines and to disable symbol
    search.
    
    See ‘Writing portable packages’ in the ‘Writing R Extensions’ manual.
Flavors: r-devel-linux-x86_64-fedora-clang, r-devel-linux-x86_64-fedora-gcc

Version: 0.6-3
Check: whether package can be installed
Result: ERROR
    Installation failed.
Flavor: r-devel-windows-x86_64-gcc10-UCRT