CRAN Package Check Results for Package fastcmh

Last updated on 2023-03-29 04:51:10 CEST.

Flavor Version Tinstall Tcheck Ttotal Status Flags
r-devel-linux-x86_64-debian-clang 0.2.7 45.10 34.73 79.83 NOTE
r-devel-linux-x86_64-debian-gcc 0.2.7 33.75 27.19 60.94 NOTE
r-devel-linux-x86_64-fedora-clang 0.2.7 113.23 NOTE
r-devel-linux-x86_64-fedora-gcc 0.2.7 97.16 NOTE
r-devel-windows-x86_64 0.2.7 45.00 0.00 45.00 NOTE
r-patched-linux-x86_64 0.2.7 33.75 33.06 66.81 NOTE
r-release-linux-x86_64 0.2.7 35.36 34.36 69.72 OK
r-release-macos-arm64 0.2.7 33.00 OK
r-release-macos-x86_64 0.2.7 41.00 OK
r-release-windows-x86_64 0.2.7 43.00 84.00 127.00 OK
r-oldrel-macos-arm64 0.2.7 37.00 OK
r-oldrel-macos-x86_64 0.2.7 57.00 OK
r-oldrel-windows-ix86+x86_64 0.2.7 102.00 95.00 197.00 OK

Check Details

Version: 0.2.7
Check: C++ specification
Result: NOTE
     Specified C++11: please drop specification unless essential
Flavors: r-devel-linux-x86_64-debian-clang, r-devel-linux-x86_64-debian-gcc, r-devel-linux-x86_64-fedora-clang, r-devel-linux-x86_64-fedora-gcc, r-devel-windows-x86_64, r-patched-linux-x86_64

Version: 0.2.7
Check: compiled code
Result: NOTE
    File ‘fastcmh/libs/fastcmh.so’:
     Found no calls to: ‘R_registerRoutines’, ‘R_useDynamicSymbols’
    
    It is good practice to register native routines and to disable symbol
    search.
    
    See ‘Writing portable packages’ in the ‘Writing R Extensions’ manual.
Flavors: r-devel-linux-x86_64-fedora-clang, r-devel-linux-x86_64-fedora-gcc