CRAN Package Check Results for Package fastclime

Last updated on 2022-12-05 16:52:38 CET.

Flavor Version Tinstall Tcheck Ttotal Status Flags
r-devel-linux-x86_64-debian-clang 1.4.1 13.67 101.34 115.01 WARN
r-devel-linux-x86_64-debian-gcc 1.4.1 9.04 79.69 88.73 WARN
r-devel-linux-x86_64-fedora-clang 1.4.1 148.65 WARN
r-devel-linux-x86_64-fedora-gcc 1.4.1 156.62 WARN
r-devel-windows-x86_64 1.4.1 29.00 143.00 172.00 OK
r-patched-linux-x86_64 1.4.1 11.09 98.28 109.37 NOTE
r-release-linux-x86_64 1.4.1 13.26 98.26 111.52 NOTE
r-release-macos-arm64 1.4.1 44.00 OK
r-release-macos-x86_64 1.4.1 57.00 OK
r-release-windows-x86_64 1.4.1 34.00 147.00 181.00 OK
r-oldrel-macos-arm64 1.4.1 55.00 OK
r-oldrel-macos-x86_64 1.4.1 80.00 OK
r-oldrel-windows-ix86+x86_64 1.4.1 35.00 171.00 206.00 OK

Check Details

Version: 1.4.1
Check: whether package can be installed
Result: WARN
    Found the following significant warnings:
     ./lu.h:44:12: warning: a function declaration without a prototype is deprecated in all versions of C [-Wstrict-prototypes]
     lu.c:828:12: warning: a function declaration without a prototype is deprecated in all versions of C [-Wstrict-prototypes]
Flavors: r-devel-linux-x86_64-debian-clang, r-devel-linux-x86_64-fedora-clang

Version: 1.4.1
Check: for non-standard things in the check directory
Result: NOTE
    Found the following files/directories:
     'default5.eps'
Flavors: r-devel-linux-x86_64-debian-clang, r-devel-linux-x86_64-debian-gcc, r-devel-linux-x86_64-fedora-clang, r-devel-linux-x86_64-fedora-gcc, r-patched-linux-x86_64, r-release-linux-x86_64

Version: 1.4.1
Check: whether package can be installed
Result: WARN
    Found the following significant warnings:
     lu.h:44:1: warning: function declaration isn’t a prototype [-Wstrict-prototypes]
     lu.c:828:6: warning: function declaration isn’t a prototype [-Wstrict-prototypes]
Flavors: r-devel-linux-x86_64-debian-gcc, r-devel-linux-x86_64-fedora-gcc

Version: 1.4.1
Check: compiled code
Result: NOTE
    File ‘fastclime/libs/fastclime.so’:
     Found no calls to: ‘R_registerRoutines’, ‘R_useDynamicSymbols’
    
    It is good practice to register native routines and to disable symbol
    search.
    
    See ‘Writing portable packages’ in the ‘Writing R Extensions’ manual.
Flavors: r-devel-linux-x86_64-fedora-clang, r-devel-linux-x86_64-fedora-gcc