CRAN Package Check Results for Package fastclime

Last updated on 2021-11-29 23:50:38 CET.

Flavor Version Tinstall Tcheck Ttotal Status Flags
r-devel-linux-x86_64-debian-clang 1.4.1 12.11 84.36 96.47 NOTE
r-devel-linux-x86_64-debian-gcc 1.4.1 9.64 67.05 76.69 NOTE
r-devel-linux-x86_64-fedora-clang 1.4.1 128.24 NOTE
r-devel-linux-x86_64-fedora-gcc 1.4.1 118.13 NOTE
r-devel-windows-x86_64-new-UL 1.4.1 26.00 142.00 168.00 OK
r-devel-windows-x86_64-new-TK 1.4.1 OK
r-devel-windows-x86_64-old 1.4.1 20.00 90.00 110.00 OK
r-patched-linux-x86_64 1.4.1 11.92 82.09 94.01 NOTE
r-patched-solaris-x86 1.4.1 188.80 NOTE
r-release-linux-x86_64 1.4.1 11.10 83.06 94.16 NOTE
r-release-macos-arm64 1.4.1 OK
r-release-macos-x86_64 1.4.1 OK
r-release-windows-ix86+x86_64 1.4.1 30.00 119.00 149.00 OK
r-oldrel-macos-x86_64 1.4.1 OK
r-oldrel-windows-ix86+x86_64 1.4.1 24.00 132.00 156.00 OK

Check Details

Version: 1.4.1
Check: for non-standard things in the check directory
Result: NOTE
    Found the following files/directories:
     'default5.eps'
Flavors: r-devel-linux-x86_64-debian-clang, r-devel-linux-x86_64-debian-gcc, r-devel-linux-x86_64-fedora-clang, r-devel-linux-x86_64-fedora-gcc, r-patched-linux-x86_64, r-patched-solaris-x86, r-release-linux-x86_64

Version: 1.4.1
Check: compiled code
Result: NOTE
    File ‘fastclime/libs/fastclime.so’:
     Found no calls to: ‘R_registerRoutines’, ‘R_useDynamicSymbols’
    
    It is good practice to register native routines and to disable symbol
    search.
    
    See ‘Writing portable packages’ in the ‘Writing R Extensions’ manual.
Flavors: r-devel-linux-x86_64-fedora-clang, r-devel-linux-x86_64-fedora-gcc