CRAN Package Check Results for Package fastclime

Last updated on 2022-05-22 02:49:02 CEST.

Flavor Version Tinstall Tcheck Ttotal Status Flags
r-devel-linux-x86_64-debian-clang 1.4.1 13.49 101.88 115.37 NOTE
r-devel-linux-x86_64-debian-gcc 1.4.1 11.10 78.08 89.18 NOTE
r-devel-linux-x86_64-fedora-clang 1.4.1 135.81 NOTE
r-devel-linux-x86_64-fedora-gcc 1.4.1 133.05 NOTE
r-devel-windows-x86_64 1.4.1 24.00 140.00 164.00 OK
r-patched-linux-x86_64 1.4.1 12.29 96.88 109.17 NOTE
r-release-linux-x86_64 1.4.1 12.65 95.51 108.16 NOTE
r-release-macos-arm64 1.4.1 44.00 OK
r-release-macos-x86_64 1.4.1 57.00 OK
r-release-windows-x86_64 1.4.1 29.00 150.00 179.00 OK
r-oldrel-macos-arm64 1.4.1 55.00 OK
r-oldrel-macos-x86_64 1.4.1 80.00 OK
r-oldrel-windows-ix86+x86_64 1.4.1 33.00 159.00 192.00 OK

Check Details

Version: 1.4.1
Check: for non-standard things in the check directory
Result: NOTE
    Found the following files/directories:
     'default5.eps'
Flavors: r-devel-linux-x86_64-debian-clang, r-devel-linux-x86_64-debian-gcc, r-devel-linux-x86_64-fedora-clang, r-devel-linux-x86_64-fedora-gcc, r-patched-linux-x86_64, r-release-linux-x86_64

Version: 1.4.1
Check: compiled code
Result: NOTE
    File ‘fastclime/libs/fastclime.so’:
     Found no calls to: ‘R_registerRoutines’, ‘R_useDynamicSymbols’
    
    It is good practice to register native routines and to disable symbol
    search.
    
    See ‘Writing portable packages’ in the ‘Writing R Extensions’ manual.
Flavors: r-devel-linux-x86_64-fedora-clang, r-devel-linux-x86_64-fedora-gcc