CRAN Package Check Results for Package fastRG

Last updated on 2022-07-03 17:52:04 CEST.

Flavor Version Tinstall Tcheck Ttotal Status Flags
r-devel-linux-x86_64-debian-clang 0.3.1 11.51 151.91 163.42 OK
r-devel-linux-x86_64-debian-gcc 0.3.1 8.70 109.48 118.18 OK
r-devel-linux-x86_64-fedora-clang 0.3.1 208.95 OK
r-devel-linux-x86_64-fedora-gcc 0.3.1 208.18 OK
r-devel-windows-x86_64 0.3.1 42.00 177.00 219.00 OK
r-patched-linux-x86_64 0.3.1 10.74 146.28 157.02 OK
r-release-linux-x86_64 0.3.0 10.82 146.31 157.13 NOTE
r-release-macos-arm64 0.3.1 57.00 OK
r-release-macos-x86_64 0.3.1 77.00 OK
r-release-windows-x86_64 0.3.1 31.00 172.00 203.00 OK
r-oldrel-macos-arm64 0.3.1 49.00 OK
r-oldrel-macos-x86_64 0.3.1 72.00 OK
r-oldrel-windows-ix86+x86_64 0.3.0 23.00 160.00 183.00 NOTE

Check Details

Version: 0.3.0
Check: LazyData
Result: NOTE
     'LazyData' is specified without a 'data' directory
Flavors: r-release-linux-x86_64, r-oldrel-windows-ix86+x86_64