CRAN Package Check Results for Package fastDummies

Last updated on 2021-07-24 07:49:24 CEST.

Flavor Version Tinstall Tcheck Ttotal Status Flags
r-devel-linux-x86_64-debian-clang 1.6.3 2.52 34.08 36.60 NOTE
r-devel-linux-x86_64-debian-gcc 1.6.3 1.87 26.12 27.99 NOTE
r-devel-linux-x86_64-fedora-clang 1.6.3 52.58 NOTE
r-devel-linux-x86_64-fedora-gcc 1.6.3 42.01 NOTE
r-devel-windows-x86_64 1.6.3 4.00 41.00 45.00 NOTE
r-devel-windows-x86_64-gcc10-UCRT 1.6.3 NOTE
r-patched-linux-x86_64 1.6.3 2.21 32.08 34.29 NOTE
r-patched-solaris-x86 1.6.3 65.90 NOTE
r-release-linux-x86_64 1.6.3 2.21 31.82 34.03 NOTE
r-release-macos-arm64 1.6.3 NOTE
r-release-macos-x86_64 1.6.3 NOTE
r-release-windows-ix86+x86_64 1.6.3 6.00 42.00 48.00 NOTE
r-oldrel-macos-x86_64 1.6.3 OK
r-oldrel-windows-ix86+x86_64 1.6.3 5.00 52.00 57.00 OK

Check Details

Version: 1.6.3
Check: LazyData
Result: NOTE
     'LazyData' is specified without a 'data' directory
Flavors: r-devel-linux-x86_64-debian-clang, r-devel-linux-x86_64-debian-gcc, r-devel-linux-x86_64-fedora-clang, r-devel-linux-x86_64-fedora-gcc, r-devel-windows-x86_64, r-devel-windows-x86_64-gcc10-UCRT, r-patched-linux-x86_64, r-patched-solaris-x86, r-release-linux-x86_64, r-release-macos-arm64, r-release-macos-x86_64, r-release-windows-ix86+x86_64