Last updated on 2023-03-31 05:54:22 CEST.
Flavor | Version | Tinstall | Tcheck | Ttotal | Status | Flags |
---|---|---|---|---|---|---|
r-devel-linux-x86_64-debian-clang | 0.7.6 | 13.42 | 102.20 | 115.62 | NOTE | |
r-devel-linux-x86_64-debian-gcc | 0.7.6 | 11.15 | 79.62 | 90.77 | NOTE | |
r-devel-linux-x86_64-fedora-clang | 0.7.6 | 145.93 | NOTE | |||
r-devel-linux-x86_64-fedora-gcc | 0.7.6 | 143.73 | NOTE | |||
r-devel-windows-x86_64 | 0.7.6 | 31.00 | 0.00 | 31.00 | NOTE | |
r-patched-linux-x86_64 | 0.7.6 | 14.11 | 99.46 | 113.57 | NOTE | |
r-release-linux-x86_64 | 0.7.6 | 10.66 | 100.01 | 110.67 | OK | |
r-release-macos-arm64 | 0.7.6 | 42.00 | OK | |||
r-release-macos-x86_64 | 0.7.6 | 71.00 | OK | |||
r-release-windows-x86_64 | 0.7.6 | 31.00 | 130.00 | 161.00 | OK | |
r-oldrel-macos-arm64 | 0.7.6 | 59.00 | OK | |||
r-oldrel-macos-x86_64 | 0.7.6 | 104.00 | OK | |||
r-oldrel-windows-ix86+x86_64 | 0.7.6 | 28.00 | 119.00 | 147.00 | OK |
Version: 0.7.6
Check: package subdirectories
Result: NOTE
Problems with news in ‘NEWS.md’:
No news entries found.
Flavors: r-devel-linux-x86_64-debian-clang, r-devel-linux-x86_64-debian-gcc, r-devel-linux-x86_64-fedora-clang, r-devel-linux-x86_64-fedora-gcc, r-devel-windows-x86_64, r-patched-linux-x86_64