CRAN Package Check Results for Package famSKATRC

Last updated on 2021-09-21 16:51:20 CEST.

Flavor Version Tinstall Tcheck Ttotal Status Flags
r-devel-linux-x86_64-debian-clang 1.1.0 9.32 71.70 81.02 OK
r-devel-linux-x86_64-debian-gcc 1.1.0 7.18 54.54 61.72 OK
r-devel-linux-x86_64-fedora-clang 1.1.0 103.48 OK
r-devel-linux-x86_64-fedora-gcc 1.1.0 93.11 OK
r-devel-windows-x86_64 1.1.0 12.00 73.00 85.00 OK
r-devel-windows-x86_64-gcc10-UCRT 1.1.0 ERROR
r-patched-linux-x86_64 1.1.0 9.20 68.41 77.61 OK
r-patched-solaris-x86 1.1.0 139.50 OK
r-release-linux-x86_64 1.1.0 8.44 68.87 77.31 OK
r-release-macos-arm64 1.1.0 OK
r-release-macos-x86_64 1.1.0 OK
r-release-windows-ix86+x86_64 1.1.0 18.00 69.00 87.00 OK
r-oldrel-macos-x86_64 1.1.0 OK
r-oldrel-windows-ix86+x86_64 1.1.0 19.00 65.00 84.00 OK

Check Details

Version: 1.1.0
Check: whether package can be installed
Result: WARN
    Found the following significant warnings:
     WARNING: installation-time patches will not be applied, could not get the patches index
Flavor: r-devel-windows-x86_64-gcc10-UCRT

Version: 1.1.0
Check: PDF version of manual
Result: WARN
    LaTeX errors when creating PDF version.
    This typically indicates Rd problems.
Flavor: r-devel-windows-x86_64-gcc10-UCRT

Version: 1.1.0
Check: PDF version of manual without hyperrefs or index
Result: ERROR
    Re-running with no redirection of stdout/stderr.
Flavor: r-devel-windows-x86_64-gcc10-UCRT