CRAN Package Check Results for Package factor.switching

Last updated on 2021-09-23 04:56:22 CEST.

Flavor Version Tinstall Tcheck Ttotal Status Flags
r-devel-linux-x86_64-debian-clang 1.2 10.06 84.41 94.47 OK
r-devel-linux-x86_64-debian-gcc 1.2 7.95 65.01 72.96 OK
r-devel-linux-x86_64-fedora-clang 1.2 119.88 OK
r-devel-linux-x86_64-fedora-gcc 1.2 109.43 OK
r-devel-windows-x86_64 1.2 10.00 80.00 90.00 OK
r-devel-windows-x86_64-gcc10-UCRT 1.2 ERROR
r-patched-linux-x86_64 1.2 10.68 80.31 90.99 OK
r-patched-solaris-x86 1.2 156.30 OK
r-release-linux-x86_64 1.2 9.36 80.19 89.55 OK
r-release-macos-arm64 1.2 OK
r-release-macos-x86_64 1.2 OK
r-release-windows-ix86+x86_64 1.2 20.00 84.00 104.00 OK
r-oldrel-macos-x86_64 1.2 OK
r-oldrel-windows-ix86+x86_64 1.2 16.00 89.00 105.00 OK

Check Details

Version: 1.2
Check: PDF version of manual
Result: WARN
    LaTeX errors when creating PDF version.
    This typically indicates Rd problems.
Flavor: r-devel-windows-x86_64-gcc10-UCRT

Version: 1.2
Check: PDF version of manual without hyperrefs or index
Result: ERROR
    Re-running with no redirection of stdout/stderr.
Flavor: r-devel-windows-x86_64-gcc10-UCRT