CRAN Package Check Results for Package fable.prophet

Last updated on 2021-08-03 07:54:22 CEST.

Flavor Version Tinstall Tcheck Ttotal Status Flags
r-devel-linux-x86_64-debian-clang 0.1.0 7.32 129.16 136.48 NOTE
r-devel-linux-x86_64-debian-gcc 0.1.0 6.19 93.33 99.52 NOTE
r-devel-linux-x86_64-fedora-clang 0.1.0 163.02 NOTE
r-devel-linux-x86_64-fedora-gcc 0.1.0 153.08 NOTE
r-devel-windows-x86_64 0.1.0 10.00 157.00 167.00 NOTE
r-devel-windows-x86_64-gcc10-UCRT 0.1.0 NOTE
r-patched-linux-x86_64 0.1.0 8.61 117.60 126.21 NOTE
r-patched-solaris-x86 0.1.0 219.80 NOTE
r-release-linux-x86_64 0.1.0 6.87 118.27 125.14 NOTE
r-release-macos-arm64 0.1.0 WARN
r-release-macos-x86_64 0.1.0 NOTE
r-release-windows-ix86+x86_64 0.1.0 19.00 151.00 170.00 NOTE
r-oldrel-macos-x86_64 0.1.0 OK
r-oldrel-windows-ix86+x86_64 0.1.0 23.00 163.00 186.00 OK

Check Details

Version: 0.1.0
Check: LazyData
Result: NOTE
     'LazyData' is specified without a 'data' directory
Flavors: r-devel-linux-x86_64-debian-clang, r-devel-linux-x86_64-debian-gcc, r-devel-linux-x86_64-fedora-clang, r-devel-linux-x86_64-fedora-gcc, r-devel-windows-x86_64, r-devel-windows-x86_64-gcc10-UCRT, r-patched-linux-x86_64, r-patched-solaris-x86, r-release-linux-x86_64, r-release-macos-arm64, r-release-macos-x86_64, r-release-windows-ix86+x86_64

Version: 0.1.0
Check: Rd cross-references
Result: NOTE
    Undeclared package ‘tibble’ in Rd xrefs
Flavor: r-devel-linux-x86_64-fedora-clang

Version: 0.1.0
Check: re-building of vignette outputs
Result: WARN
    Error(s) in re-building vignettes:
    --- re-building ‘intro.Rmd’ using rmarkdown
    Warning in engine$weave(file, quiet = quiet, encoding = enc) :
     Pandoc (>= 1.12.3) not available. Falling back to R Markdown v1.
    
    Attaching package: 'dplyr'
    
    The following objects are masked from 'package:stats':
    
     filter, lag
    
    The following objects are masked from 'package:base':
    
     intersect, setdiff, setequal, union
    
    
    Attaching package: 'lubridate'
    
    The following object is masked from 'package:tsibble':
    
     interval
    
    The following objects are masked from 'package:base':
    
     date, intersect, setdiff, union
    
    `summarise()` has grouped output by 'month'. You can override using the `.groups` argument.
    Quitting from lines 63-65 (intro.Rmd)
    Error: processing vignette 'intro.Rmd' failed with diagnostics:
    polygon edge not found
    --- failed re-building ‘intro.Rmd’
    
    SUMMARY: processing the following file failed:
     ‘intro.Rmd’
    
    Error: Vignette re-building failed.
    Execution halted
Flavor: r-release-macos-arm64